Last updated on 2025-10-22 09:50:35 CEST.
Flavor | Version | Tinstall | Tcheck | Ttotal | Status | Flags |
---|---|---|---|---|---|---|
r-devel-linux-x86_64-debian-clang | 0.1 | 50.67 | 88.37 | 139.04 | OK | |
r-devel-linux-x86_64-debian-gcc | 0.1 | 33.86 | 61.89 | 95.75 | OK | |
r-devel-linux-x86_64-fedora-clang | 0.1 | 126.00 | 94.24 | 220.24 | NOTE | |
r-devel-linux-x86_64-fedora-gcc | 0.1 | 112.00 | 99.29 | 211.29 | NOTE | |
r-devel-windows-x86_64 | 0.1 | 54.00 | 107.00 | 161.00 | OK | |
r-patched-linux-x86_64 | 0.1 | 50.92 | 82.18 | 133.10 | OK | |
r-release-linux-x86_64 | 0.1 | 48.65 | 82.40 | 131.05 | OK | |
r-release-macos-arm64 | 0.1 | 18.00 | 35.00 | 53.00 | OK | |
r-release-macos-x86_64 | 0.1 | 42.00 | 69.00 | 111.00 | OK | |
r-release-windows-x86_64 | 0.1 | 53.00 | 114.00 | 167.00 | OK | |
r-oldrel-macos-arm64 | 0.1 | 19.00 | 34.00 | 53.00 | NOTE | |
r-oldrel-macos-x86_64 | 0.1 | 30.00 | 64.00 | 94.00 | NOTE | |
r-oldrel-windows-x86_64 | 0.1 | 64.00 | 139.00 | 203.00 | OK |
Version: 0.1
Check: dependencies in R code
Result: NOTE
Namespace in Imports field not imported from: ‘Rcpp’
All declared Imports should be used.
Flavors: r-devel-linux-x86_64-fedora-clang, r-devel-linux-x86_64-fedora-gcc
Version: 0.1
Check: installed package size
Result: NOTE
installed size is 5.4Mb
sub-directories of 1Mb or more:
libs 5.1Mb
Flavors: r-oldrel-macos-arm64, r-oldrel-macos-x86_64