Last updated on 2025-10-21 09:48:34 CEST.
Flavor | Version | Tinstall | Tcheck | Ttotal | Status | Flags |
---|---|---|---|---|---|---|
r-devel-linux-x86_64-debian-clang | 0.4.0 | 7.45 | 73.35 | 80.80 | NOTE | |
r-devel-linux-x86_64-debian-gcc | 0.4.0 | 5.19 | 55.95 | 61.14 | NOTE | |
r-devel-linux-x86_64-fedora-clang | 0.4.0 | 124.30 | NOTE | |||
r-devel-linux-x86_64-fedora-gcc | 0.4.0 | 128.42 | NOTE | |||
r-devel-windows-x86_64 | 0.4.0 | 11.00 | 103.00 | 114.00 | NOTE | |
r-patched-linux-x86_64 | 0.4.0 | 8.11 | 70.18 | 78.29 | NOTE | |
r-release-linux-x86_64 | 0.4.0 | 5.67 | 69.29 | 74.96 | NOTE | |
r-release-macos-arm64 | 0.4.0 | 72.00 | NOTE | |||
r-release-macos-x86_64 | 0.4.0 | 83.00 | NOTE | |||
r-release-windows-x86_64 | 0.4.0 | 13.00 | 102.00 | 115.00 | NOTE | |
r-oldrel-macos-arm64 | 0.4.0 | 49.00 | OK | |||
r-oldrel-macos-x86_64 | 0.4.0 | 70.00 | OK | |||
r-oldrel-windows-x86_64 | 0.4.0 | 15.00 | 118.00 | 133.00 | OK |
Version: 0.4.0
Check: DESCRIPTION meta-information
Result: NOTE
Missing dependency on R >= 4.1.0 because package code uses the pipe
|> or function shorthand \(...) syntax added in R 4.1.0.
File(s) using such syntax:
‘service-cohere.R’
Flavors: r-devel-linux-x86_64-debian-clang, r-devel-linux-x86_64-debian-gcc, r-devel-linux-x86_64-fedora-clang, r-devel-linux-x86_64-fedora-gcc, r-devel-windows-x86_64, r-patched-linux-x86_64, r-release-linux-x86_64, r-release-macos-arm64, r-release-macos-x86_64, r-release-windows-x86_64
Version: 0.4.0
Check: HTML version of manual
Result: NOTE
Found the following HTML validation problems:
OpenaiStreamParser.html:185:1 (OpenaiStreamParser.Rd:103): Warning: missing </ul> before </div>
OpenaiStreamParser.html:133:1 (OpenaiStreamParser.Rd:75): Warning: <h5> anchor "Usage" already defined
OpenaiStreamParser.html:139:1 (OpenaiStreamParser.Rd:79): Warning: <h5> anchor "Arguments" already defined
OpenaiStreamParser.html:162:1 (OpenaiStreamParser.Rd:92): Warning: <h5> anchor "Usage" already defined
OpenaiStreamParser.html:168:1 (OpenaiStreamParser.Rd:96): Warning: <h5> anchor "Arguments" already defined
mod_app_server.html:50:1 (mod_app_server.Rd:12): Warning: missing </ul> before </div>
mod_app_ui.html:50:1 (mod_app_ui.Rd:12): Warning: missing </ul> before </div>
mod_chat_server.html:64:1 (mod_chat_server.Rd:22): Warning: missing </ul> before </div>
mod_chat_ui.html:50:1 (mod_chat_ui.Rd:12): Warning: missing </ul> before </div>
streamingMessage-shiny.html:68:1 (streamingMessage-shiny.Rd:25): Warning: missing </ul> before </div>
streamingMessage.html:62:1 (streamingMessage.Rd:21): Warning: missing </ul> before </div>
welcomeMessage-shiny.html:68:1 (welcomeMessage-shiny.Rd:25): Warning: missing </ul> before </div>
welcomeMessage.html:67:1 (welcomeMessage.Rd:24): Warning: missing </ul> before </div>
Flavor: r-devel-linux-x86_64-debian-gcc