Last updated on 2025-07-04 09:49:52 CEST.
Flavor | Version | Tinstall | Tcheck | Ttotal | Status | Flags |
---|---|---|---|---|---|---|
r-devel-linux-x86_64-debian-clang | 1.1.0 | 4.07 | 216.17 | 220.24 | OK | |
r-devel-linux-x86_64-debian-gcc | 1.1.0 | 3.07 | 158.35 | 161.42 | OK | |
r-devel-linux-x86_64-fedora-clang | 1.1.0 | 277.57 | NOTE | |||
r-devel-linux-x86_64-fedora-gcc | 1.1.0 | 342.63 | NOTE | |||
r-devel-windows-x86_64 | 1.1.0 | 6.00 | 260.00 | 266.00 | OK | |
r-patched-linux-x86_64 | 1.1.0 | 4.42 | 221.25 | 225.67 | OK | |
r-release-linux-x86_64 | 1.1.0 | 4.16 | 221.83 | 225.99 | OK | |
r-release-macos-arm64 | 1.1.0 | 237.00 | OK | |||
r-release-macos-x86_64 | 1.1.0 | 399.00 | OK | |||
r-release-windows-x86_64 | 1.1.0 | 6.00 | 255.00 | 261.00 | OK | |
r-oldrel-macos-arm64 | 1.1.0 | 242.00 | OK | |||
r-oldrel-macos-x86_64 | 1.1.0 | 334.00 | OK | |||
r-oldrel-windows-x86_64 | 1.1.0 | 7.00 | 487.00 | 494.00 | OK |
Version: 1.1.0
Check: dependencies in R code
Result: NOTE
Namespace in Imports field not imported from: ‘msm’
All declared Imports should be used.
Flavors: r-devel-linux-x86_64-fedora-clang, r-devel-linux-x86_64-fedora-gcc