CRAN Package Check Results for Package groundhog

Last updated on 2025-10-22 09:50:35 CEST.

Flavor Version Tinstall Tcheck Ttotal Status Flags
r-devel-linux-x86_64-debian-clang 3.2.3 4.73 34.66 39.39 NOTE
r-devel-linux-x86_64-debian-gcc 3.2.3 3.17 25.43 28.60 NOTE
r-devel-linux-x86_64-fedora-clang 3.2.3 16.00 43.75 59.75 OK
r-devel-linux-x86_64-fedora-gcc 3.2.3 12.00 41.13 53.13 OK
r-devel-windows-x86_64 3.2.3 6.00 48.00 54.00 OK
r-patched-linux-x86_64 3.2.3 5.28 32.50 37.78 OK
r-release-linux-x86_64 3.2.3 5.27 32.49 37.76 OK
r-release-macos-arm64 3.2.3 34.00 26.00 60.00 OK
r-release-macos-x86_64 3.2.3 46.00 31.00 77.00 OK
r-release-windows-x86_64 3.2.3 5.00 51.00 56.00 OK
r-oldrel-macos-arm64 3.2.3 40.00 29.00 69.00 OK
r-oldrel-macos-x86_64 3.2.3 43.00 45.00 88.00 OK
r-oldrel-windows-x86_64 3.2.3 7.00 59.00 66.00 OK

Check Details

Version: 3.2.3
Check: HTML version of manual
Result: NOTE Found the following HTML validation problems: try.renaming.method.again.html:57:1 (try.renaming.method.again.Rd:10): Warning: missing </ul> before </div> Flavors: r-devel-linux-x86_64-debian-clang, r-devel-linux-x86_64-debian-gcc