Last updated on 2025-10-22 09:50:35 CEST.
Flavor | Version | Tinstall | Tcheck | Ttotal | Status | Flags |
---|---|---|---|---|---|---|
r-devel-linux-x86_64-debian-clang | 0.3.6 | 3.91 | 41.07 | 44.98 | NOTE | |
r-devel-linux-x86_64-debian-gcc | 0.3.6 | 2.83 | 30.76 | 33.59 | NOTE | |
r-devel-linux-x86_64-fedora-clang | 0.3.6 | 10.00 | 57.79 | 67.79 | OK | |
r-devel-linux-x86_64-fedora-gcc | 0.3.6 | 75.01 | OK | |||
r-devel-windows-x86_64 | 0.3.6 | 5.00 | 57.00 | 62.00 | OK | |
r-patched-linux-x86_64 | 0.3.6 | 4.02 | 37.60 | 41.62 | OK | |
r-release-linux-x86_64 | 0.3.6 | 4.03 | 38.01 | 42.04 | OK | |
r-release-macos-arm64 | 0.3.6 | 2.00 | 32.00 | 34.00 | OK | |
r-release-macos-x86_64 | 0.3.6 | 4.00 | 54.00 | 58.00 | OK | |
r-release-windows-x86_64 | 0.3.6 | 6.00 | 59.00 | 65.00 | OK | |
r-oldrel-macos-arm64 | 0.3.6 | 2.00 | 28.00 | 30.00 | OK | |
r-oldrel-macos-x86_64 | 0.3.6 | 3.00 | 86.00 | 89.00 | OK | |
r-oldrel-windows-x86_64 | 0.3.6 | 7.00 | 71.00 | 78.00 | OK |
Version: 0.3.6
Check: HTML version of manual
Result: NOTE
Found the following HTML validation problems:
gtable_height.html:46:1 (gtable_height.Rd:10): Warning: missing </ul> before </div>
gtable_width.html:46:1 (gtable_width.Rd:10): Warning: missing </ul> before </div>
is.gtable.html:46:1 (is.gtable.Rd:10): Warning: missing </ul> before </div>
print.gtable.html:55:1 (print.gtable.Rd:14): Warning: missing </ul> before </div>
Flavors: r-devel-linux-x86_64-debian-clang, r-devel-linux-x86_64-debian-gcc