Last updated on 2025-10-22 09:50:35 CEST.
Flavor | Version | Tinstall | Tcheck | Ttotal | Status | Flags |
---|---|---|---|---|---|---|
r-devel-linux-x86_64-debian-clang | 0.2.8 | 11.31 | 309.92 | 321.23 | NOTE | |
r-devel-linux-x86_64-debian-gcc | 0.2.8 | 8.51 | 195.25 | 203.76 | NOTE | |
r-devel-linux-x86_64-fedora-clang | 0.2.8 | 38.00 | 463.21 | 501.21 | OK | |
r-devel-linux-x86_64-fedora-gcc | 0.2.8 | 25.00 | 457.00 | 482.00 | OK | |
r-devel-windows-x86_64 | 0.2.8 | 15.00 | 263.00 | 278.00 | OK | |
r-patched-linux-x86_64 | 0.2.8 | 10.99 | 299.26 | 310.25 | OK | |
r-release-linux-x86_64 | 0.2.8 | 10.71 | 298.16 | 308.87 | OK | |
r-release-macos-arm64 | 0.2.8 | 5.00 | 113.00 | 118.00 | OK | |
r-release-macos-x86_64 | 0.2.8 | 12.00 | 282.00 | 294.00 | OK | |
r-release-windows-x86_64 | 0.2.8 | 15.00 | 263.00 | 278.00 | OK | |
r-oldrel-macos-arm64 | 0.2.8 | 5.00 | 114.00 | 119.00 | OK | |
r-oldrel-macos-x86_64 | 0.2.8 | 14.00 | 295.00 | 309.00 | OK | |
r-oldrel-windows-x86_64 | 0.2.8 | 17.00 | 386.00 | 403.00 | OK |
Version: 0.2.8
Check: HTML version of manual
Result: NOTE
Found the following HTML validation problems:
dcar_selector.html:96:1 (dcar_selector.Rd:46): Warning: missing </ul> before </div>
est_dcar.html:79:1 (est_dcar.Rd:35): Warning: missing </ul> before </div>
gcv_selector.html:96:1 (gcv_selector.Rd:46): Warning: missing </ul> before </div>
make_bins.html:59:1 (make_bins.Rd:19): Warning: missing </ul> before </div>
plateau_selector.html:126:1 (plateau_selector.Rd:68): Warning: missing </ul> before </div>
Flavors: r-devel-linux-x86_64-debian-clang, r-devel-linux-x86_64-debian-gcc