Last updated on 2025-10-22 09:50:35 CEST.
Flavor | Version | Tinstall | Tcheck | Ttotal | Status | Flags |
---|---|---|---|---|---|---|
r-devel-linux-x86_64-debian-clang | 2.4.4 | 242.85 | 139.12 | 381.97 | OK | |
r-devel-linux-x86_64-debian-gcc | 2.4.4 | 190.52 | 110.11 | 300.63 | OK | |
r-devel-linux-x86_64-fedora-clang | 2.4.4 | 1380.00 | -809.93 | 570.07 | OK | |
r-devel-linux-x86_64-fedora-gcc | 2.4.4 | 577.00 | 64.06 | 641.06 | OK | |
r-devel-windows-x86_64 | 2.4.4 | 206.00 | 161.00 | 367.00 | OK | |
r-patched-linux-x86_64 | 2.4.4 | 228.56 | 148.88 | 377.44 | OK | |
r-release-linux-x86_64 | 2.4.4 | 233.72 | 148.81 | 382.53 | OK | |
r-release-macos-arm64 | 2.4.4 | 112.00 | 58.00 | 170.00 | OK | |
r-release-macos-x86_64 | 2.4.4 | 194.00 | 115.00 | 309.00 | OK | |
r-release-windows-x86_64 | 2.4.4 | 211.00 | 159.00 | 370.00 | OK | |
r-oldrel-macos-arm64 | 2.4.4 | 129.00 | 65.00 | 194.00 | NOTE | |
r-oldrel-macos-x86_64 | 2.4.4 | 197.00 | 125.00 | 322.00 | NOTE | |
r-oldrel-windows-x86_64 | 2.4.4 | 248.00 | 213.00 | 461.00 | NOTE |
Version: 2.4.4
Check: installed package size
Result: NOTE
installed size is 85.3Mb
sub-directories of 1Mb or more:
libs 83.9Mb
Flavors: r-oldrel-macos-arm64, r-oldrel-macos-x86_64
Version: 2.4.4
Check: for GNU extensions in Makefiles
Result: NOTE
GNU make is a SystemRequirements.
Flavors: r-oldrel-macos-arm64, r-oldrel-macos-x86_64, r-oldrel-windows-x86_64