Last updated on 2025-10-21 09:48:34 CEST.
Flavor | Version | Tinstall | Tcheck | Ttotal | Status | Flags |
---|---|---|---|---|---|---|
r-devel-linux-x86_64-debian-clang | 1.0.7 | 5.66 | 43.67 | 49.33 | OK | |
r-devel-linux-x86_64-debian-gcc | 1.0.7 | 4.85 | 32.43 | 37.28 | NOTE | |
r-devel-linux-x86_64-fedora-clang | 1.0.7 | 75.50 | OK | |||
r-devel-linux-x86_64-fedora-gcc | 1.0.7 | 86.25 | OK | |||
r-devel-windows-x86_64 | 1.0.7 | 8.00 | 58.00 | 66.00 | OK | |
r-patched-linux-x86_64 | 1.0.7 | 6.96 | 39.88 | 46.84 | OK | |
r-release-linux-x86_64 | 1.0.7 | 6.78 | 39.75 | 46.53 | OK | |
r-release-macos-arm64 | 1.0.7 | 33.00 | OK | |||
r-release-macos-x86_64 | 1.0.7 | 53.00 | OK | |||
r-release-windows-x86_64 | 1.0.7 | 10.00 | 58.00 | 68.00 | OK | |
r-oldrel-macos-arm64 | 1.0.7 | 34.00 | OK | |||
r-oldrel-macos-x86_64 | 1.0.7 | 63.00 | OK | |||
r-oldrel-windows-x86_64 | 1.0.7 | 11.00 | 70.00 | 81.00 | OK |
Version: 1.0.7
Check: HTML version of manual
Result: NOTE
Found the following HTML validation problems:
Auth.html:167:1 (Auth.Rd:82): Warning: missing </ul> before </div>
Auth.html:98:1 (Auth.Rd:45): Warning: <h5> anchor "Usage" already defined
Auth.html:104:1 (Auth.Rd:49): Warning: <h5> anchor "Returns" already defined
Auth.html:121:1 (Auth.Rd:58): Warning: <h5> anchor "Usage" already defined
Auth.html:127:1 (Auth.Rd:62): Warning: <h5> anchor "Returns" already defined
Auth.html:144:1 (Auth.Rd:71): Warning: <h5> anchor "Usage" already defined
Auth.html:150:1 (Auth.Rd:75): Warning: <h5> anchor "Arguments" already defined
Client.html:134:1 (Client.Rd:71): Warning: <h5> anchor "Usage" already defined
Client.html:140:1 (Client.Rd:75): Warning: <h5> anchor "Returns" already defined
Client.html:157:1 (Client.Rd:84): Warning: <h5> anchor "Usage" already defined
Client.html:163:1 (Client.Rd:88): Warning: <h5> anchor "Returns" already defined
Client.html:180:1 (Client.Rd:97): Warning: <h5> anchor "Usage" already defined
Client.html:186:1 (Client.Rd:101): Warning: <h5> anchor "Arguments" already defined
Client.html:201:1 (Client.Rd:110): Warning: <h5> anchor "Returns" already defined
Client.html:218:1 (Client.Rd:119): Warning: <h5> anchor "Usage" already defined
Client.html:224:1 (Client.Rd:123): Warning: <h5> anchor "Returns" already defined
Client.html:243:1 (Client.Rd:134): Warning: <h5> anchor "Usage" already defined
Client.html:249:1 (Client.Rd:138): Warning: <h5> anchor "Arguments" already defined
Client.html:267:1 (Client.Rd:150): Warning: <h5> anchor "Returns" already defined
Client.html:284:1 (Client.Rd:159): Warning: <h5> anchor "Usage" already defined
Client.html:290:1 (Client.Rd:163): Warning: <h5> anchor "Arguments" already defined
Client.html:303:1 (Client.Rd:170): Warning: <h5> anchor "Returns" already defined
Client.html:320:1 (Client.Rd:179): Warning: <h5> anchor "Usage" already defined
Client.html:326:1 (Client.Rd:183): Warning: <h5> anchor "Arguments" already defined
Client.html:341:1 (Client.Rd:192): Warning: <h5> anchor "Returns" already defined
Client.html:358:1 (Client.Rd:201): Warning: <h5> anchor "Usage" already defined
Client.html:364:1 (Client.Rd:205): Warning: <h5> anchor "Arguments" already defined
Client.html:379:1 (Client.Rd:214): Warning: <h5> anchor "Returns" already defined
Client.html:396:1 (Client.Rd:223): Warning: <h5> anchor "Usage" already defined
Client.html:402:1 (Client.Rd:227): Warning: <h5> anchor "Arguments" already defined
Client.html:415:1 (Client.Rd:234): Warning: <h5> anchor "Returns" already defined
Client.html:432:1 (Client.Rd:243): Warning: <h5> anchor "Usage" already defined
Client.html:438:1 (Client.Rd:247): Warning: <h5> anchor "Arguments" already defined
SearchResults.html:188:1 (SearchResults.Rd:104): Warning: missing </ul> before </div>
SearchResults.html:115:1 (SearchResults.Rd:59): Warning: <h5> anchor "Usage" already defined
SearchResults.html:127:1 (SearchResults.Rd:69): Warning: <h5> anchor "Arguments" already defined
SearchResults.html:148:1 (SearchResults.Rd:84): Warning: <h5> anchor "Returns" already defined
SearchResults.html:165:1 (SearchResults.Rd:93): Warning: <h5> anchor "Usage" already defined
SearchResults.html:171:1 (SearchResults.Rd:97): Warning: <h5> anchor "Arguments" already defined
Flavor: r-devel-linux-x86_64-debian-gcc