Last updated on 2025-10-22 09:50:35 CEST.
Flavor | Version | Tinstall | Tcheck | Ttotal | Status | Flags |
---|---|---|---|---|---|---|
r-devel-linux-x86_64-debian-clang | 0.1.0 | 16.44 | 200.79 | 217.23 | NOTE | |
r-devel-linux-x86_64-debian-gcc | 0.1.0 | 11.47 | 144.55 | 156.02 | NOTE | |
r-devel-linux-x86_64-fedora-clang | 0.1.0 | 46.00 | 300.11 | 346.11 | OK | |
r-devel-linux-x86_64-fedora-gcc | 0.1.0 | 36.00 | 295.61 | 331.61 | OK | |
r-devel-windows-x86_64 | 0.1.0 | 16.00 | 217.00 | 233.00 | OK | |
r-patched-linux-x86_64 | 0.1.0 | 13.95 | 190.95 | 204.90 | OK | |
r-release-linux-x86_64 | 0.1.0 | 13.87 | 187.47 | 201.34 | OK | |
r-release-macos-arm64 | 0.1.0 | 7.00 | 86.00 | 93.00 | OK | |
r-release-macos-x86_64 | 0.1.0 | 11.00 | 174.00 | 185.00 | OK | |
r-release-windows-x86_64 | 0.1.0 | 16.00 | 219.00 | 235.00 | OK | |
r-oldrel-macos-arm64 | 0.1.0 | 6.00 | 90.00 | 96.00 | OK | |
r-oldrel-macos-x86_64 | 0.1.0 | 10.00 | 144.00 | 154.00 | OK | |
r-oldrel-windows-x86_64 | 0.1.0 | 22.00 | 275.00 | 297.00 | OK |
Version: 0.1.0
Check: HTML version of manual
Result: NOTE
Found the following HTML validation problems:
HDCATE_R6Class.html:347:1 (HDCATE_R6Class.Rd:207): Warning: missing </ul> before </div>
HDCATE_R6Class.html:105:1 (HDCATE_R6Class.Rd:45): Warning: <h5> anchor "Usage" already defined
HDCATE_R6Class.html:119:1 (HDCATE_R6Class.Rd:54): Warning: <h5> anchor "Usage" already defined
HDCATE_R6Class.html:133:1 (HDCATE_R6Class.Rd:63): Warning: <h5> anchor "Usage" already defined
HDCATE_R6Class.html:147:1 (HDCATE_R6Class.Rd:72): Warning: <h5> anchor "Usage" already defined
HDCATE_R6Class.html:169:1 (HDCATE_R6Class.Rd:89): Warning: <h5> anchor "Usage" already defined
HDCATE_R6Class.html:185:1 (HDCATE_R6Class.Rd:99): Warning: <h5> anchor "Usage" already defined
HDCATE_R6Class.html:206:1 (HDCATE_R6Class.Rd:111): Warning: <h5> anchor "Usage" already defined
HDCATE_R6Class.html:227:1 (HDCATE_R6Class.Rd:126): Warning: <h5> anchor "Usage" already defined
HDCATE_R6Class.html:280:1 (HDCATE_R6Class.Rd:168): Warning: <h5> anchor "Usage" already defined
HDCATE_R6Class.html:294:1 (HDCATE_R6Class.Rd:177): Warning: <h5> anchor "Usage" already defined
HDCATE_R6Class.html:308:1 (HDCATE_R6Class.Rd:186): Warning: <h5> anchor "Usage" already defined
HDCATE_R6Class.html:324:1 (HDCATE_R6Class.Rd:196): Warning: <h5> anchor "Usage" already defined
HDCATE_R6Class.html:330:1 (HDCATE_R6Class.Rd:200): Warning: <h5> anchor "Arguments" already defined
Flavors: r-devel-linux-x86_64-debian-clang, r-devel-linux-x86_64-debian-gcc