Last updated on 2025-10-21 09:48:34 CEST.
Flavor | Version | Tinstall | Tcheck | Ttotal | Status | Flags |
---|---|---|---|---|---|---|
r-devel-linux-x86_64-debian-clang | 0.3.2 | 5.88 | 213.40 | 219.28 | NOTE | |
r-devel-linux-x86_64-debian-gcc | 0.3.2 | 4.16 | 139.44 | 143.60 | NOTE | |
r-devel-linux-x86_64-fedora-clang | 0.3.2 | 348.22 | OK | |||
r-devel-linux-x86_64-fedora-gcc | 0.3.2 | 342.96 | OK | |||
r-devel-windows-x86_64 | 0.3.2 | 8.00 | 226.00 | 234.00 | OK | |
r-patched-linux-x86_64 | 0.3.2 | 7.11 | 201.23 | 208.34 | OK | |
r-release-linux-x86_64 | 0.3.2 | 5.17 | 197.07 | 202.24 | OK | |
r-release-macos-arm64 | 0.3.2 | 115.00 | OK | |||
r-release-macos-x86_64 | 0.3.2 | 242.00 | OK | |||
r-release-windows-x86_64 | 0.3.2 | 7.00 | 229.00 | 236.00 | OK | |
r-oldrel-macos-arm64 | 0.3.2 | 111.00 | OK | |||
r-oldrel-macos-x86_64 | 0.3.2 | 184.00 | OK | |||
r-oldrel-windows-x86_64 | 0.3.2 | 10.00 | 327.00 | 337.00 | OK |
Version: 0.3.2
Check: CRAN incoming feasibility
Result: NOTE
Maintainer: ‘Martin Spindler <martin.spindler@gmx.de>’
The Description field contains
(2016) <arXiv:1603.01700>.
Please refer to arXiv e-prints via their arXiv DOI <doi:10.48550/arXiv.YYMM.NNNNN>.
Flavors: r-devel-linux-x86_64-debian-clang, r-devel-linux-x86_64-debian-gcc
Version: 0.3.2
Check: HTML version of manual
Result: NOTE
Found the following HTML validation problems:
methods.rlasso.html:80:1 (methods.rlasso.Rd:30): Warning: missing </ul> before </div>
methods.rlassoEffects.html:106:1 (methods.rlassoEffects.Rd:46): Warning: missing </ul> before </div>
methods.rlassoIV.html:76:1 (methods.rlassoIV.Rd:27): Warning: missing </ul> before </div>
methods.rlassoIVselectX.html:76:1 (methods.rlassoIVselectX.Rd:27): Warning: missing </ul> before </div>
methods.rlassoIVselectZ.html:76:1 (methods.rlassoIVselectZ.Rd:27): Warning: missing </ul> before </div>
methods.rlassoTE.html:76:1 (methods.rlassoTE.Rd:27): Warning: missing </ul> before </div>
methods.rlassologit.html:84:1 (methods.rlassologit.Rd:32): Warning: missing </ul> before </div>
methods.rlassologitEffects.html:80:1 (methods.rlassologitEffects.Rd:29): Warning: missing </ul> before </div>
methods.tsls.html:64:1 (methods.tsls.Rd:20): Warning: missing </ul> before </div>
Flavor: r-devel-linux-x86_64-debian-gcc