Last updated on 2025-10-27 08:49:54 CET.
| Flavor | Version | Tinstall | Tcheck | Ttotal | Status | Flags |
|---|---|---|---|---|---|---|
| r-devel-linux-x86_64-debian-gcc | 0.2.2 | 31.90 | 28.70 | 60.60 | OK | |
| r-devel-linux-x86_64-fedora-clang | 0.2.2 | 50.00 | 72.23 | 122.23 | WARN | |
| r-devel-linux-x86_64-fedora-gcc | 0.2.2 | 41.00 | 84.54 | 125.54 | OK | |
| r-release-macos-arm64 | 0.2.2 | 18.00 | 22.00 | 40.00 | OK | |
| r-release-macos-x86_64 | 0.2.2 | 52.00 | 66.00 | 118.00 | OK | |
| r-release-windows-x86_64 | 0.2.2 | 53.00 | 100.00 | 153.00 | OK | |
| r-oldrel-macos-arm64 | 0.2.2 | 18.00 | 26.00 | 44.00 | NOTE | |
| r-oldrel-macos-x86_64 | 0.2.2 | 55.00 | 101.00 | 156.00 | NOTE | |
| r-oldrel-windows-x86_64 | 0.2.2 | 57.00 | 98.00 | 155.00 | OK |
Version: 0.2.2
Check: whether package can be installed
Result: WARN
Found the following significant warnings:
./aligned_allocator.h:34:45: warning: 'pointer' is deprecated [-Wdeprecated-declarations]
./aligned_allocator.h:35:45: warning: 'const_pointer' is deprecated [-Wdeprecated-declarations]
See ‘/data/gannet/ripley/R/packages/tests-clang/hdtg.Rcheck/00install.out’ for details.
* used C++ compiler: ‘clang version 21.1.4’
Flavor: r-devel-linux-x86_64-fedora-clang
Version: 0.2.2
Check: installed package size
Result: NOTE
installed size is 12.2Mb
sub-directories of 1Mb or more:
libs 12.0Mb
Flavors: r-oldrel-macos-arm64, r-oldrel-macos-x86_64