Last updated on 2025-10-21 09:48:34 CEST.
Flavor | Version | Tinstall | Tcheck | Ttotal | Status | Flags |
---|---|---|---|---|---|---|
r-devel-linux-x86_64-debian-clang | 2.3.1 | 17.89 | 69.32 | 87.21 | OK | |
r-devel-linux-x86_64-debian-gcc | 2.3.1 | 13.59 | 51.98 | 65.57 | NOTE | |
r-devel-linux-x86_64-fedora-clang | 2.3.1 | 142.57 | OK | |||
r-devel-linux-x86_64-fedora-gcc | 2.3.1 | 142.30 | OK | |||
r-devel-windows-x86_64 | 2.3.1 | 24.00 | 101.00 | 125.00 | OK | |
r-patched-linux-x86_64 | 2.3.1 | 19.60 | 64.38 | 83.98 | OK | |
r-release-linux-x86_64 | 2.3.1 | 20.59 | 64.09 | 84.68 | OK | |
r-release-macos-arm64 | 2.3.1 | 44.00 | OK | |||
r-release-macos-x86_64 | 2.3.1 | 89.00 | OK | |||
r-release-windows-x86_64 | 2.3.1 | 26.00 | 106.00 | 132.00 | OK | |
r-oldrel-macos-arm64 | 2.3.1 | 32.00 | NOTE | |||
r-oldrel-macos-x86_64 | 2.3.1 | 62.00 | NOTE | |||
r-oldrel-windows-x86_64 | 2.3.1 | 26.00 | 153.00 | 179.00 | NOTE |
Version: 2.3.1
Check: HTML version of manual
Result: NOTE
Found the following HTML validation problems:
cor.html:81:1 (cor.Rd:32): Warning: missing </ul> before </div>
plot.hcdf_bivar.html:65:1 (plot.hcdf_bivar.Rd:19): Warning: missing </ul> before </div>
plot.hcdf_univar.html:65:1 (plot.hcdf_univar.Rd:19): Warning: missing </ul> before </div>
plot.hdensity_bivar.html:65:1 (plot.hdensity_bivar.Rd:19): Warning: missing </ul> before </div>
plot.hdensity_univar.html:65:1 (plot.hdensity_univar.Rd:19): Warning: missing </ul> before </div>
print.hcdf_bivar.html:57:1 (print.hcdf_bivar.Rd:15): Warning: missing </ul> before </div>
print.hcdf_univar.html:56:1 (print.hcdf_univar.Rd:15): Warning: missing </ul> before </div>
print.hdensity_bivar.html:57:1 (print.hdensity_bivar.Rd:15): Warning: missing </ul> before </div>
print.hdensity_univar.html:57:1 (print.hdensity_univar.Rd:15): Warning: missing </ul> before </div>
print.hermite_estimator_bivar.html:51:1 (print.hermite_estimator_bivar.Rd:12): Warning: missing </ul> before </div>
print.hermite_estimator_univar.html:51:1 (print.hermite_estimator_univar.Rd:12): Warning: missing </ul> before </div>
summary.hcdf_bivar.html:57:1 (summary.hcdf_bivar.Rd:15): Warning: missing </ul> before </div>
summary.hcdf_univar.html:57:1 (summary.hcdf_univar.Rd:15): Warning: missing </ul> before </div>
summary.hermite_estimator_bivar.html:59:1 (summary.hermite_estimator_bivar.Rd:14): Warning: missing </ul> before </div>
summary.hermite_estimator_univar.html:57:1 (summary.hermite_estimator_univar.Rd:14): Warning: missing </ul> before </div>
Flavor: r-devel-linux-x86_64-debian-gcc
Version: 2.3.1
Check: installed package size
Result: NOTE
installed size is 5.5Mb
sub-directories of 1Mb or more:
R 1.6Mb
doc 1.9Mb
libs 1.8Mb
Flavors: r-oldrel-macos-arm64, r-oldrel-macos-x86_64
Version: 2.3.1
Check: for GNU extensions in Makefiles
Result: NOTE
GNU make is a SystemRequirements.
Flavors: r-oldrel-macos-arm64, r-oldrel-macos-x86_64, r-oldrel-windows-x86_64