Last updated on 2025-10-22 09:50:35 CEST.
Flavor | Version | Tinstall | Tcheck | Ttotal | Status | Flags |
---|---|---|---|---|---|---|
r-devel-linux-x86_64-debian-clang | 0.2.19 | 6.63 | 61.27 | 67.90 | NOTE | |
r-devel-linux-x86_64-debian-gcc | 0.2.19 | 5.22 | 43.61 | 48.83 | NOTE | |
r-devel-linux-x86_64-fedora-clang | 0.2.19 | 23.00 | 81.55 | 104.55 | OK | |
r-devel-linux-x86_64-fedora-gcc | 0.2.19 | 14.00 | 76.82 | 90.82 | OK | |
r-devel-windows-x86_64 | 0.2.19 | 10.00 | 77.00 | 87.00 | OK | |
r-patched-linux-x86_64 | 0.2.19 | 5.86 | 56.46 | 62.32 | OK | |
r-release-linux-x86_64 | 0.2.19 | 6.56 | 55.29 | 61.85 | OK | |
r-release-macos-arm64 | 0.2.19 | 4.00 | 39.00 | 43.00 | OK | |
r-release-macos-x86_64 | 0.2.19 | 6.00 | 42.00 | 48.00 | OK | |
r-release-windows-x86_64 | 0.2.19 | 9.00 | 80.00 | 89.00 | OK | |
r-oldrel-macos-arm64 | 0.2.19 | 3.00 | 32.00 | 35.00 | OK | |
r-oldrel-macos-x86_64 | 0.2.19 | 5.00 | 52.00 | 57.00 | OK | |
r-oldrel-windows-x86_64 | 0.2.19 | 12.00 | 97.00 | 109.00 | OK |
Version: 0.2.19
Check: HTML version of manual
Result: NOTE
Found the following HTML validation problems:
as.character.patient_flowchart.html:55:1 (as.character.patient_flowchart.Rd:14): Warning: missing </ul> before </div>
load_package_collection.html:60:1 (load_package_collection.Rd:25): Warning: missing </ul> before </div>
print.patient_flowchart.html:55:1 (print.patient_flowchart.Rd:14): Warning: missing </ul> before </div>
Flavors: r-devel-linux-x86_64-debian-clang, r-devel-linux-x86_64-debian-gcc