Last updated on 2025-10-22 09:50:36 CEST.
Flavor | Version | Tinstall | Tcheck | Ttotal | Status | Flags |
---|---|---|---|---|---|---|
r-devel-linux-x86_64-debian-clang | 1.0 | 20.40 | 89.35 | 109.75 | NOTE | |
r-devel-linux-x86_64-debian-gcc | 1.0 | 12.93 | 60.59 | 73.52 | NOTE | |
r-devel-linux-x86_64-fedora-clang | 1.0 | 55.00 | 125.72 | 180.72 | OK | |
r-devel-linux-x86_64-fedora-gcc | 1.0 | 43.00 | 117.38 | 160.38 | OK | |
r-devel-windows-x86_64 | 1.0 | 19.00 | 83.00 | 102.00 | OK | |
r-patched-linux-x86_64 | 1.0 | 19.22 | 88.19 | 107.41 | OK | |
r-release-linux-x86_64 | 1.0 | 20.42 | 85.91 | 106.33 | OK | |
r-release-macos-arm64 | 1.0 | 10.00 | 36.00 | 46.00 | OK | |
r-release-macos-x86_64 | 1.0 | 22.00 | 98.00 | 120.00 | OK | |
r-release-windows-x86_64 | 1.0 | 20.00 | 86.00 | 106.00 | OK | |
r-oldrel-macos-arm64 | 1.0 | 9.00 | 36.00 | 45.00 | OK | |
r-oldrel-macos-x86_64 | 1.0 | 14.00 | 61.00 | 75.00 | OK | |
r-oldrel-windows-x86_64 | 1.0 | 28.00 | 109.00 | 137.00 | OK |
Version: 1.0
Check: HTML version of manual
Result: NOTE
Found the following HTML validation problems:
hsemmodeling.html:139:1 (hsemmodeling.Rd:89): Warning: missing </ul> before </div>
Flavors: r-devel-linux-x86_64-debian-clang, r-devel-linux-x86_64-debian-gcc