Last updated on 2025-10-21 09:48:35 CEST.
Flavor | Version | Tinstall | Tcheck | Ttotal | Status | Flags |
---|---|---|---|---|---|---|
r-devel-linux-x86_64-debian-clang | 1.8.1 | 4.97 | 95.85 | 100.82 | OK | |
r-devel-linux-x86_64-debian-gcc | 1.8.1 | 3.50 | 77.04 | 80.54 | NOTE | |
r-devel-linux-x86_64-fedora-clang | 1.8.1 | 144.17 | OK | |||
r-devel-linux-x86_64-fedora-gcc | 1.8.1 | 152.64 | OK | |||
r-devel-windows-x86_64 | 1.8.1 | 7.00 | 116.00 | 123.00 | OK | |
r-patched-linux-x86_64 | 1.8.1 | 5.82 | 88.80 | 94.62 | OK | |
r-release-linux-x86_64 | 1.8.1 | 4.50 | 88.76 | 93.26 | OK | |
r-release-macos-arm64 | 1.8.1 | 60.00 | OK | |||
r-release-macos-x86_64 | 1.8.1 | 154.00 | OK | |||
r-release-windows-x86_64 | 1.8.1 | 5.00 | 110.00 | 115.00 | OK | |
r-oldrel-macos-arm64 | 1.8.1 | 52.00 | OK | |||
r-oldrel-macos-x86_64 | 1.8.1 | 98.00 | OK | |||
r-oldrel-windows-x86_64 | 1.8.1 | 9.00 | 132.00 | 141.00 | OK |
Version: 1.8.1
Check: HTML version of manual
Result: NOTE
Found the following HTML validation problems:
aliases.html:65:1 (aliases.Rd:32): Warning: missing </ul> before </div>
drop_empty_cols.html:52:1 (drop_empty_cols.Rd:14): Warning: missing </ul> before </div>
replace_pattern_in.html:97:1 (replace_pattern_in.Rd:43): Warning: missing </ul> before </div>
report_error.html:78:1 (report_error.Rd:30): Warning: missing </ul> before </div>
Flavor: r-devel-linux-x86_64-debian-gcc