Last updated on 2025-10-21 09:48:35 CEST.
Flavor | Version | Tinstall | Tcheck | Ttotal | Status | Flags |
---|---|---|---|---|---|---|
r-devel-linux-x86_64-debian-clang | 0.8.5 | 2.77 | 49.08 | 51.85 | OK | |
r-devel-linux-x86_64-debian-gcc | 0.8.5 | 2.04 | 35.68 | 37.72 | NOTE | |
r-devel-linux-x86_64-fedora-clang | 0.8.5 | 80.00 | OK | |||
r-devel-linux-x86_64-fedora-gcc | 0.8.5 | 83.26 | OK | |||
r-devel-windows-x86_64 | 0.8.5 | 3.00 | 64.00 | 67.00 | OK | |
r-patched-linux-x86_64 | 0.8.5 | 3.18 | 43.84 | 47.02 | OK | |
r-release-linux-x86_64 | 0.8.5 | 2.62 | 43.81 | 46.43 | OK | |
r-release-macos-arm64 | 0.8.5 | 30.00 | OK | |||
r-release-macos-x86_64 | 0.8.5 | 58.00 | OK | |||
r-release-windows-x86_64 | 0.8.5 | 5.00 | 65.00 | 70.00 | OK | |
r-oldrel-macos-arm64 | 0.8.5 | 28.00 | OK | |||
r-oldrel-macos-x86_64 | 0.8.5 | 46.00 | OK | |||
r-oldrel-windows-x86_64 | 0.8.5 | 6.00 | 75.00 | 81.00 | OK |
Version: 0.8.5
Check: HTML version of manual
Result: NOTE
Found the following HTML validation problems:
FNTN_matrix.recycle.html:83:1 (FNTN_matrix.recycle.Rd:33): Warning: missing </ul> before </div>
contract.html:93:1 (contract.Rd:39): Warning: missing </ul> before </div>
contract.update.html:103:1 (contract.update.Rd:45): Warning: missing </ul> before </div>
coreloop.html:50:1 (coreloop.Rd:12): Warning: missing </ul> before </div>
expand.html:78:1 (expand.Rd:30): Warning: missing </ul> before </div>
expand.update.html:103:1 (expand.update.Rd:45): Warning: missing </ul> before </div>
f.html:58:1 (f.Rd:16): Warning: missing </ul> before </div>
fill_FNTN_matrix.html:62:1 (fill_FNTN_matrix.Rd:18): Warning: missing </ul> before </div>
Flavor: r-devel-linux-x86_64-debian-gcc