Last updated on 2025-10-22 09:50:36 CEST.
Flavor | Version | Tinstall | Tcheck | Ttotal | Status | Flags |
---|---|---|---|---|---|---|
r-devel-linux-x86_64-debian-clang | 1.3.1 | 150.41 | 76.02 | 226.43 | NOTE | |
r-devel-linux-x86_64-debian-gcc | 1.3.1 | 89.12 | 54.61 | 143.73 | NOTE | |
r-devel-linux-x86_64-fedora-clang | 1.3.1 | 460.00 | -21.21 | 438.79 | OK | |
r-devel-linux-x86_64-fedora-gcc | 1.3.1 | 241.00 | 113.21 | 354.21 | OK | |
r-devel-windows-x86_64 | 1.3.1 | 169.00 | 108.00 | 277.00 | OK | |
r-patched-linux-x86_64 | 1.3.1 | 146.57 | 69.89 | 216.46 | OK | |
r-release-linux-x86_64 | 1.3.1 | 143.91 | 70.32 | 214.23 | OK | |
r-release-macos-arm64 | 1.3.1 | 45.00 | 30.00 | 75.00 | OK | |
r-release-macos-x86_64 | 1.3.1 | 51.00 | 57.00 | 108.00 | OK | |
r-release-windows-x86_64 | 1.3.1 | 171.00 | 112.00 | 283.00 | OK | |
r-oldrel-macos-arm64 | 1.3.1 | 41.00 | 35.00 | 76.00 | NOTE | |
r-oldrel-macos-x86_64 | 1.3.1 | 50.00 | 62.00 | 112.00 | NOTE | |
r-oldrel-windows-x86_64 | 1.3.1 | 191.00 | 138.00 | 329.00 | OK |
Version: 1.3.1
Check: HTML version of manual
Result: NOTE
Found the following HTML validation problems:
plot.html:50:1 (plot.Rd:12): Warning: missing </ul> before </div>
plot_fit.html:56:1 (plot_fit.Rd:15): Warning: missing </ul> before </div>
plot_forecast.html:57:1 (plot_forecast.Rd:16): Warning: missing </ul> before </div>
summary.html:51:1 (summary.Rd:12): Warning: missing </ul> before </div>
Flavors: r-devel-linux-x86_64-debian-clang, r-devel-linux-x86_64-debian-gcc
Version: 1.3.1
Check: installed package size
Result: NOTE
installed size is 7.4Mb
sub-directories of 1Mb or more:
libs 7.0Mb
Flavors: r-oldrel-macos-arm64, r-oldrel-macos-x86_64