Last updated on 2025-10-22 09:50:36 CEST.
Flavor | Version | Tinstall | Tcheck | Ttotal | Status | Flags |
---|---|---|---|---|---|---|
r-devel-linux-x86_64-debian-clang | 1.6.1 | 2.67 | 27.37 | 30.04 | NOTE | |
r-devel-linux-x86_64-debian-gcc | 1.6.1 | 2.07 | 21.56 | 23.63 | NOTE | |
r-devel-linux-x86_64-fedora-clang | 1.6.1 | 47.27 | OK | |||
r-devel-linux-x86_64-fedora-gcc | 1.6.1 | 41.73 | OK | |||
r-devel-windows-x86_64 | 1.6.1 | 5.00 | 46.00 | 51.00 | OK | |
r-patched-linux-x86_64 | 1.6.1 | 3.15 | 26.11 | 29.26 | OK | |
r-release-linux-x86_64 | 1.6.1 | 2.88 | 26.17 | 29.05 | OK | |
r-release-macos-arm64 | 1.6.1 | 1.00 | 16.00 | 17.00 | OK | |
r-release-macos-x86_64 | 1.6.1 | 2.00 | 26.00 | 28.00 | OK | |
r-release-windows-x86_64 | 1.6.1 | 5.00 | 47.00 | 52.00 | OK | |
r-oldrel-macos-arm64 | 1.6.1 | 2.00 | 16.00 | 18.00 | OK | |
r-oldrel-macos-x86_64 | 1.6.1 | 2.00 | 22.00 | 24.00 | OK | |
r-oldrel-windows-x86_64 | 1.6.1 | 6.00 | 55.00 | 61.00 | OK |
Version: 1.6.1
Check: CRAN incoming feasibility
Result: NOTE
Maintainer: ‘Kai Wang <kai-wang@uiowa.edu>’
No Authors@R field in DESCRIPTION.
Please add one, modifying
Authors@R: c(person(given = c("Dr.", "Kai"),
family = "Wang",
role = "aut"),
person(given = "Kai",
family = "Wang",
role = "cre",
email = "kai-wang@uiowa.edu"))
as necessary.
Flavors: r-devel-linux-x86_64-debian-clang, r-devel-linux-x86_64-debian-gcc