Last updated on 2025-10-22 09:50:36 CEST.
Flavor | Version | Tinstall | Tcheck | Ttotal | Status | Flags |
---|---|---|---|---|---|---|
r-devel-linux-x86_64-debian-clang | 3.0.2 | 17.49 | 227.87 | 245.36 | NOTE | |
r-devel-linux-x86_64-debian-gcc | 3.0.2 | 12.27 | 143.67 | 155.94 | NOTE | |
r-devel-linux-x86_64-fedora-clang | 3.0.2 | 65.00 | 355.68 | 420.68 | OK | |
r-devel-linux-x86_64-fedora-gcc | 3.0.2 | 45.00 | 342.37 | 387.37 | OK | |
r-devel-windows-x86_64 | 3.0.2 | 22.00 | 313.00 | 335.00 | OK | |
r-patched-linux-x86_64 | 3.0.2 | 17.28 | 214.97 | 232.25 | OK | |
r-release-linux-x86_64 | 3.0.2 | 18.72 | 217.35 | 236.07 | OK | |
r-release-macos-arm64 | 3.0.2 | 8.00 | 87.00 | 95.00 | OK | |
r-release-macos-x86_64 | 3.0.2 | 14.00 | 191.00 | 205.00 | OK | |
r-release-windows-x86_64 | 3.0.2 | 23.00 | 312.00 | 335.00 | OK | |
r-oldrel-macos-arm64 | 3.0.2 | 8.00 | 91.00 | 99.00 | OK | |
r-oldrel-macos-x86_64 | 3.0.2 | 17.00 | 192.00 | 209.00 | OK | |
r-oldrel-windows-x86_64 | 3.0.2 | 29.00 | 359.00 | 388.00 | OK |
Version: 3.0.2
Check: HTML version of manual
Result: NOTE
Found the following HTML validation problems:
print.iNEXT.html:51:1 (print.iNEXT.Rd:12): Warning: missing </ul> before </div>
Flavors: r-devel-linux-x86_64-debian-clang, r-devel-linux-x86_64-debian-gcc