CRAN Package Check Results for Package imputeTS

Last updated on 2025-10-21 09:48:35 CEST.

Flavor Version Tinstall Tcheck Ttotal Status Flags
r-devel-linux-x86_64-debian-clang 3.4 24.52 194.46 218.98 OK
r-devel-linux-x86_64-debian-gcc 3.4 17.72 138.11 155.83 NOTE
r-devel-linux-x86_64-fedora-clang 3.4 361.65 OK
r-devel-linux-x86_64-fedora-gcc 3.4 354.45 OK
r-devel-windows-x86_64 3.4 30.00 223.00 253.00 OK
r-patched-linux-x86_64 3.4 25.18 188.22 213.40 OK
r-release-linux-x86_64 3.4 25.87 190.48 216.35 OK
r-release-macos-arm64 3.4 91.00 OK
r-release-macos-x86_64 3.4 187.00 OK
r-release-windows-x86_64 3.4 34.00 222.00 256.00 OK
r-oldrel-macos-arm64 3.4 95.00 OK
r-oldrel-macos-x86_64 3.4 188.00 OK
r-oldrel-windows-x86_64 3.4 39.00 285.00 324.00 OK

Check Details

Version: 3.4
Check: HTML version of manual
Result: NOTE Found the following HTML validation problems: na.interpolation.html:78:1 (na.interpolation.Rd:27): Warning: missing </ul> before </div> na.kalman.html:103:1 (na.kalman.Rd:54): Warning: missing </ul> before </div> na.locf.html:70:1 (na.locf.Rd:23): Warning: missing </ul> before </div> na.ma.html:81:1 (na.ma.Rd:30): Warning: missing </ul> before </div> na.mean.html:79:1 (na.mean.Rd:26): Warning: missing </ul> before </div> na.random.html:67:1 (na.random.Rd:23): Warning: missing </ul> before </div> na.remove.html:49:1 (na.remove.Rd:11): Warning: missing </ul> before </div> na.replace.html:61:1 (na.replace.Rd:19): Warning: missing </ul> before </div> na.seadec.html:101:1 (na.seadec.Rd:42): Warning: missing </ul> before </div> na.seasplit.html:101:1 (na.seasplit.Rd:42): Warning: missing </ul> before </div> Flavor: r-devel-linux-x86_64-debian-gcc