CRAN Package Check Results for Package ipwCoxCSV

Last updated on 2025-10-22 09:50:36 CEST.

Flavor Version Tinstall Tcheck Ttotal Status Flags
r-devel-linux-x86_64-debian-clang 1.0 7.22 56.00 63.22 NOTE
r-devel-linux-x86_64-debian-gcc 1.0 4.75 41.27 46.02 NOTE
r-devel-linux-x86_64-fedora-clang 1.0 18.00 77.66 95.66 OK
r-devel-linux-x86_64-fedora-gcc 1.0 14.00 73.41 87.41 OK
r-devel-windows-x86_64 1.0 7.00 63.00 70.00 OK
r-patched-linux-x86_64 1.0 7.12 53.31 60.43 OK
r-release-linux-x86_64 1.0 6.84 52.81 59.65 OK
r-release-macos-arm64 1.0 3.00 29.00 32.00 OK
r-release-macos-x86_64 1.0 5.00 47.00 52.00 OK
r-release-windows-x86_64 1.0 8.00 64.00 72.00 OK
r-oldrel-macos-arm64 1.0 3.00 26.00 29.00 OK
r-oldrel-macos-x86_64 1.0 4.00 39.00 43.00 OK
r-oldrel-windows-x86_64 1.0 10.00 75.00 85.00 OK

Check Details

Version: 1.0
Check: CRAN incoming feasibility
Result: NOTE Maintainer: ‘Di Shu <shudi1991@gmail.com>’ No Authors@R field in DESCRIPTION. Please add one, modifying Authors@R: c(person(given = "Di", family = "Shu", role = c("aut", "cre"), email = "shudi1991@gmail.com"), person(given = "Rui", family = "Wang", role = "aut", email = "rwang@hsph.harvard.edu")) as necessary. Flavors: r-devel-linux-x86_64-debian-clang, r-devel-linux-x86_64-debian-gcc