Last updated on 2025-10-24 09:50:06 CEST.
| Flavor | Version | Tinstall | Tcheck | Ttotal | Status | Flags |
|---|---|---|---|---|---|---|
| r-devel-linux-x86_64-debian-clang | 0.1.5 | 1.73 | 26.22 | 27.95 | NOTE | |
| r-devel-linux-x86_64-debian-gcc | 0.1.5 | 1.70 | 20.70 | 22.40 | OK | |
| r-devel-linux-x86_64-fedora-clang | 0.1.5 | 39.61 | OK | |||
| r-devel-linux-x86_64-fedora-gcc | 0.1.5 | 35.46 | OK | |||
| r-devel-windows-x86_64 | 0.1.5 | 3.00 | 45.00 | 48.00 | OK | |
| r-patched-linux-x86_64 | 0.1.5 | 2.53 | 23.24 | 25.77 | OK | |
| r-release-linux-x86_64 | 0.1.5 | 1.96 | 23.24 | 25.20 | OK | |
| r-release-macos-arm64 | 0.1.5 | 1.00 | 19.00 | 20.00 | OK | |
| r-release-macos-x86_64 | 0.1.5 | 3.00 | 26.00 | 29.00 | OK | |
| r-release-windows-x86_64 | 0.1.5 | 4.00 | 45.00 | 49.00 | OK | |
| r-oldrel-macos-arm64 | 0.1.5 | 1.00 | 15.00 | 16.00 | OK | |
| r-oldrel-macos-x86_64 | 0.1.5 | 2.00 | 29.00 | 31.00 | OK | |
| r-oldrel-windows-x86_64 | 0.1.5 | 5.00 | 50.00 | 55.00 | OK |
Version: 0.1.5
Check: HTML version of manual
Result: NOTE
Found the following HTML validation problems:
jipMtoDF.html:52:1 (jipMtoDF.Rd:14): Warning: missing </ul> before </div>
jip_Hajek.html:47:1 (jip_Hajek.Rd:11): Warning: missing </ul> before </div>
jip_HartleyRao.html:49:1 (jip_HartleyRao.Rd:11): Warning: missing </ul> before </div>
jip_Tille.html:57:1 (jip_Tille.Rd:16): Warning: missing </ul> before </div>
pre_tille.html:47:1 (pre_tille.Rd:10): Warning: missing </ul> before </div>
save_output.html:86:1 (save_output.Rd:36): Warning: missing </ul> before </div>
tille.html:67:1 (tille.Rd:21): Warning: missing </ul> before </div>
Flavor: r-devel-linux-x86_64-debian-clang