CRAN Package Check Results for Package jmotif

Last updated on 2025-10-22 09:50:37 CEST.

Flavor Version Tinstall Tcheck Ttotal Status Flags
r-devel-linux-x86_64-debian-clang 1.1.1 150.72 32.85 183.57 WARN
r-devel-linux-x86_64-debian-gcc 1.1.1 86.39 25.70 112.09 WARN
r-devel-linux-x86_64-fedora-clang 1.1.1 425.00 -34.37 390.63 NOTE
r-devel-linux-x86_64-fedora-gcc 1.1.1 230.00 61.63 291.63 NOTE
r-devel-windows-x86_64 1.1.1 178.00 77.00 255.00 NOTE
r-patched-linux-x86_64 1.1.1 146.87 30.62 177.49 NOTE
r-release-linux-x86_64 1.1.1 150.38 30.51 180.89 NOTE
r-release-macos-arm64 1.1.1 51.00 22.00 73.00 NOTE
r-release-macos-x86_64 1.1.1 44.00 37.00 81.00 NOTE
r-release-windows-x86_64 1.1.1 182.00 75.00 257.00 NOTE
r-oldrel-macos-arm64 1.1.1 56.00 20.00 76.00 NOTE
r-oldrel-macos-x86_64 1.1.1 44.00 28.00 72.00 NOTE
r-oldrel-windows-x86_64 1.1.1 213.00 90.00 303.00 NOTE

Check Details

Version: 1.1.1
Check: whether package can be installed
Result: WARN Found the following significant warnings: /home/hornik/tmp/R.check/r-devel-clang/Work/build/Packages/RcppArmadillo/include/RcppArmadillo/version/arma.h:66:17: warning: Using fallback compilation with Armadillo 14.6.3. Please consider defining -DARMA_USE_CURRENT and also removing C++11 compilation directive. See GitHub issue #475 for more. [-W#pragma-messages] See ‘/home/hornik/tmp/R.check/r-devel-clang/Work/PKGS/jmotif.Rcheck/00install.out’ for details. * used C++ compiler: ‘Debian clang version 19.1.7 (7)’ Flavor: r-devel-linux-x86_64-debian-clang

Version: 1.1.1
Check: C++ specification
Result: NOTE Specified C++11: please drop specification unless essential Flavors: r-devel-linux-x86_64-debian-clang, r-devel-linux-x86_64-debian-gcc, r-devel-linux-x86_64-fedora-clang, r-devel-linux-x86_64-fedora-gcc, r-devel-windows-x86_64, r-patched-linux-x86_64, r-release-linux-x86_64, r-release-macos-arm64, r-release-macos-x86_64, r-release-windows-x86_64, r-oldrel-macos-arm64, r-oldrel-macos-x86_64, r-oldrel-windows-x86_64

Version: 1.1.1
Check: HTML version of manual
Result: NOTE Found the following HTML validation problems: early_abandoned_dist.html:57:1 (early_abandoned_dist.Rd:16): Warning: missing </ul> before </div> euclidean_dist.html:51:1 (euclidean_dist.Rd:13): Warning: missing </ul> before </div> Flavors: r-devel-linux-x86_64-debian-clang, r-devel-linux-x86_64-debian-gcc

Version: 1.1.1
Check: whether package can be installed
Result: WARN Found the following significant warnings: /home/hornik/tmp/R.check/r-devel-gcc/Work/build/Packages/RcppArmadillo/include/RcppArmadillo/version/arma.h:66:199: note: ‘#pragma message: Using fallback compilation with Armadillo 14.6.3. Please consider defining -DARMA_USE_CURRENT and also removing C++11 compilation directive. See GitHub issue #475 for more.’ See ‘/home/hornik/tmp/R.check/r-devel-gcc/Work/PKGS/jmotif.Rcheck/00install.out’ for details. * used C++ compiler: ‘g++-15 (Debian 15.2.0-4) 15.2.0’ Flavor: r-devel-linux-x86_64-debian-gcc

Version: 1.1.1
Check: installed package size
Result: NOTE installed size is 6.6Mb sub-directories of 1Mb or more: data 1.1Mb libs 5.4Mb Flavors: r-oldrel-macos-arm64, r-oldrel-macos-x86_64