Last updated on 2025-07-04 09:49:54 CEST.
Flavor | Version | Tinstall | Tcheck | Ttotal | Status | Flags |
---|---|---|---|---|---|---|
r-devel-linux-x86_64-debian-clang | 0.14.1 | 24.30 | 112.72 | 137.02 | NOTE | |
r-devel-linux-x86_64-debian-gcc | 0.14.1 | 19.30 | 81.17 | 100.47 | NOTE | |
r-devel-linux-x86_64-fedora-clang | 0.14.1 | 222.99 | OK | |||
r-devel-linux-x86_64-fedora-gcc | 0.14.1 | 221.71 | OK | |||
r-devel-windows-x86_64 | 0.14.1 | 33.00 | 136.00 | 169.00 | NOTE | |
r-patched-linux-x86_64 | 0.14.1 | 25.77 | 107.14 | 132.91 | NOTE | |
r-release-linux-x86_64 | 0.14.1 | 25.57 | 106.38 | 131.95 | NOTE | |
r-release-macos-arm64 | 0.14.1 | 68.00 | OK | |||
r-release-macos-x86_64 | 0.14.1 | 143.00 | OK | |||
r-release-windows-x86_64 | 0.14.1 | 34.00 | 133.00 | 167.00 | NOTE | |
r-oldrel-macos-arm64 | 0.14.1 | 68.00 | NOTE | |||
r-oldrel-macos-x86_64 | 0.14.1 | 167.00 | NOTE | |||
r-oldrel-windows-x86_64 | 0.14.1 | 38.00 | 177.00 | 215.00 | NOTE |
Version: 0.14.1
Check: Rd cross-references
Result: NOTE
Found the following Rd file(s) with Rd \link{} targets missing package
anchors:
kanjivec.Rd: dendextend
Please provide package anchors for all Rd \link{} targets not in the
package itself and the base packages.
Flavors: r-devel-linux-x86_64-debian-clang, r-devel-linux-x86_64-debian-gcc, r-devel-windows-x86_64, r-patched-linux-x86_64, r-release-linux-x86_64, r-release-windows-x86_64
Version: 0.14.1
Check: package dependencies
Result: NOTE
Package suggested but not available for checking: ‘kanjistat.data’
Flavors: r-oldrel-macos-arm64, r-oldrel-macos-x86_64, r-oldrel-windows-x86_64