Last updated on 2025-10-22 09:50:37 CEST.
Flavor | Version | Tinstall | Tcheck | Ttotal | Status | Flags |
---|---|---|---|---|---|---|
r-devel-linux-x86_64-debian-clang | 1.4.0 | 51.78 | 1026.34 | 1078.12 | NOTE | |
r-devel-linux-x86_64-debian-gcc | 1.4.0 | 36.77 | 633.19 | 669.96 | NOTE | |
r-devel-linux-x86_64-fedora-clang | 1.4.0 | 272.00 | 1313.21 | 1585.21 | OK | |
r-devel-linux-x86_64-fedora-gcc | 1.4.0 | 101.00 | 1317.82 | 1418.82 | OK | |
r-devel-windows-x86_64 | 1.4.0 | 58.00 | 1120.00 | 1178.00 | OK | |
r-patched-linux-x86_64 | 1.4.0 | 225.17 | 966.52 | 1191.69 | OK | |
r-release-linux-x86_64 | 1.4.0 | 51.11 | 964.00 | 1015.11 | OK | |
r-release-macos-arm64 | 1.4.0 | 24.00 | 213.00 | 237.00 | OK | |
r-release-macos-x86_64 | 1.4.0 | 47.00 | 454.00 | 501.00 | OK | |
r-release-windows-x86_64 | 1.4.0 | 61.00 | 1101.00 | 1162.00 | OK | |
r-oldrel-macos-arm64 | 1.4.0 | 26.00 | 218.00 | 244.00 | NOTE | |
r-oldrel-macos-x86_64 | 1.4.0 | 55.00 | 568.00 | 623.00 | NOTE | |
r-oldrel-windows-x86_64 | 1.4.0 | 75.00 | 1252.00 | 1327.00 | NOTE |
Version: 1.4.0
Check: HTML version of manual
Result: NOTE
Found the following HTML validation problems:
Metric.html:122:1 (Metric.Rd:74): Warning: <h4> anchor "Usage-with-+E2+80+98compile+28+29+E2+80+99+3A" already defined
back-compat.html:50:1 (back-compat.Rd:13): Warning: missing </ul> before </div>
Flavors: r-devel-linux-x86_64-debian-clang, r-devel-linux-x86_64-debian-gcc
Version: 1.4.0
Check: installed package size
Result: NOTE
installed size is 14.5Mb
sub-directories of 1Mb or more:
doc 3.3Mb
help 10.3Mb
Flavors: r-oldrel-macos-arm64, r-oldrel-macos-x86_64, r-oldrel-windows-x86_64