CRAN Package Check Results for Package keys

Last updated on 2025-10-21 09:48:36 CEST.

Flavor Version Tinstall Tcheck Ttotal Status Flags
r-devel-linux-x86_64-debian-clang 0.1.1 1.82 29.77 31.59 NOTE
r-devel-linux-x86_64-debian-gcc 0.1.1 2.01 24.32 26.33 NOTE
r-devel-linux-x86_64-fedora-clang 0.1.1 51.52 NOTE
r-devel-linux-x86_64-fedora-gcc 0.1.1 57.87 NOTE
r-devel-windows-x86_64 0.1.1 4.00 48.00 52.00 NOTE
r-patched-linux-x86_64 0.1.1 2.20 27.66 29.86 NOTE
r-release-linux-x86_64 0.1.1 2.28 27.95 30.23 NOTE
r-release-macos-arm64 0.1.1 48.00 NOTE
r-release-macos-x86_64 0.1.1 62.00 NOTE
r-release-windows-x86_64 0.1.1 4.00 50.00 54.00 NOTE
r-oldrel-macos-arm64 0.1.1 25.00 NOTE
r-oldrel-macos-x86_64 0.1.1 36.00 NOTE
r-oldrel-windows-x86_64 0.1.1 5.00 55.00 60.00 NOTE

Check Details

Version: 0.1.1
Check: Rd files
Result: NOTE checkRd: (-1) useKeys.Rd:13: Lost braces; missing escapes or markup? 13 | This function adds the {keys} dependencies to your application | ^ Flavors: r-devel-linux-x86_64-debian-clang, r-devel-linux-x86_64-debian-gcc, r-devel-linux-x86_64-fedora-clang, r-devel-linux-x86_64-fedora-gcc, r-devel-windows-x86_64, r-patched-linux-x86_64, r-release-linux-x86_64, r-release-macos-arm64, r-release-macos-x86_64, r-release-windows-x86_64, r-oldrel-macos-arm64, r-oldrel-macos-x86_64, r-oldrel-windows-x86_64

Version: 0.1.1
Check: HTML version of manual
Result: NOTE Found the following HTML validation problems: updateKeys.html:58:1 (updateKeys.Rd:19): Warning: missing </ul> before </div> Flavor: r-devel-linux-x86_64-debian-gcc