CRAN Package Check Results for Package klsh

Last updated on 2025-07-05 09:49:27 CEST.

Flavor Version Tinstall Tcheck Ttotal Status Flags
r-devel-linux-x86_64-debian-clang 0.1.0 2.18 184.57 186.75 OK
r-devel-linux-x86_64-debian-gcc 0.1.0 1.81 106.57 108.38 OK
r-devel-linux-x86_64-fedora-clang 0.1.0 297.87 NOTE
r-devel-linux-x86_64-fedora-gcc 0.1.0 304.71 NOTE
r-devel-windows-x86_64 0.1.0 3.00 203.00 206.00 OK
r-patched-linux-x86_64 0.1.0 2.21 169.48 171.69 OK
r-release-linux-x86_64 0.1.0 2.38 169.20 171.58 OK
r-release-macos-arm64 0.1.0 100.00 OK
r-release-macos-x86_64 0.1.0 208.00 OK
r-release-windows-x86_64 0.1.0 4.00 193.00 197.00 OK
r-oldrel-macos-arm64 0.1.0 80.00 NOTE
r-oldrel-macos-x86_64 0.1.0 135.00 NOTE
r-oldrel-windows-x86_64 0.1.0 5.00 259.00 264.00 NOTE

Check Details

Version: 0.1.0
Check: dependencies in R code
Result: NOTE Namespaces in Imports field not imported from: ‘Rcpp’ ‘SnowballC’ ‘stringi’ All declared Imports should be used. Flavors: r-devel-linux-x86_64-fedora-clang, r-devel-linux-x86_64-fedora-gcc

Version: 0.1.0
Check: LazyData
Result: NOTE 'LazyData' is specified without a 'data' directory Flavors: r-oldrel-macos-arm64, r-oldrel-macos-x86_64, r-oldrel-windows-x86_64