Last updated on 2025-10-21 09:48:36 CEST.
Flavor | Version | Tinstall | Tcheck | Ttotal | Status | Flags |
---|---|---|---|---|---|---|
r-devel-linux-x86_64-debian-clang | 0.13-8 | 21.92 | 160.04 | 181.96 | NOTE | |
r-devel-linux-x86_64-debian-gcc | 0.13-8 | 14.68 | 105.42 | 120.10 | NOTE | |
r-devel-linux-x86_64-fedora-clang | 0.13-8 | 298.12 | NOTE | |||
r-devel-linux-x86_64-fedora-gcc | 0.13-8 | 271.33 | NOTE | |||
r-devel-windows-x86_64 | 0.13-8 | 23.00 | 178.00 | 201.00 | NOTE | |
r-patched-linux-x86_64 | 0.13-8 | 23.77 | 147.15 | 170.92 | NOTE | |
r-release-linux-x86_64 | 0.13-8 | 20.64 | 148.32 | 168.96 | NOTE | |
r-release-macos-arm64 | 0.13-8 | 83.00 | NOTE | |||
r-release-macos-x86_64 | 0.13-8 | 157.00 | NOTE | |||
r-release-windows-x86_64 | 0.13-8 | 22.00 | 181.00 | 203.00 | NOTE | |
r-oldrel-macos-arm64 | 0.13-8 | 68.00 | NOTE | |||
r-oldrel-macos-x86_64 | 0.13-8 | 114.00 | NOTE | |||
r-oldrel-windows-x86_64 | 0.13-8 | 30.00 | 230.00 | 260.00 | NOTE |
Version: 0.13-8
Check: Rd files
Result: NOTE
checkRd: (-1) kRp.text-class.Rd:42: Lost braces in \itemize; meant \describe ?
checkRd: (-1) kRp.text-class.Rd:43: Lost braces in \itemize; meant \describe ?
checkRd: (-1) kRp.text-class.Rd:44: Lost braces in \itemize; meant \describe ?
checkRd: (-1) kRp.text-class.Rd:45: Lost braces in \itemize; meant \describe ?
checkRd: (-1) kRp.text-class.Rd:46-48: Lost braces in \itemize; meant \describe ?
checkRd: (-1) kRp.text-class.Rd:49: Lost braces in \itemize; meant \describe ?
checkRd: (-1) kRp.text-class.Rd:50-51: Lost braces in \itemize; meant \describe ?
checkRd: (-1) kRp.text_get-methods.Rd:276: Lost braces in \itemize; meant \describe ?
checkRd: (-1) kRp.text_get-methods.Rd:277: Lost braces in \itemize; meant \describe ?
checkRd: (-1) kRp.text_get-methods.Rd:278: Lost braces in \itemize; meant \describe ?
checkRd: (-1) kRp.text_get-methods.Rd:279: Lost braces in \itemize; meant \describe ?
checkRd: (-1) kRp.text_get-methods.Rd:280: Lost braces in \itemize; meant \describe ?
checkRd: (-1) kRp.text_get-methods.Rd:281-282: Lost braces in \itemize; meant \describe ?
checkRd: (-1) kRp.text_get-methods.Rd:283-284: Lost braces in \itemize; meant \describe ?
checkRd: (-1) kRp.text_get-methods.Rd:283: Lost braces
283 | \item{\code{hasFeature()} }{returns \code{TRUE} or code{FALSE},
| ^
checkRd: (-1) kRp.text_get-methods.Rd:285: Lost braces in \itemize; meant \describe ?
checkRd: (-1) kRp.text_get-methods.Rd:286-287: Lost braces in \itemize; meant \describe ?
checkRd: (-1) kRp.text_get-methods.Rd:288-289: Lost braces in \itemize; meant \describe ?
checkRd: (-1) kRp.text_get-methods.Rd:290-291: Lost braces in \itemize; meant \describe ?
checkRd: (-1) kRp.text_get-methods.Rd:292-293: Lost braces in \itemize; meant \describe ?
checkRd: (-1) kRp.text_get-methods.Rd:294-295: Lost braces in \itemize; meant \describe ?
checkRd: (-1) kRp.text_get-methods.Rd:296: Lost braces in \itemize; meant \describe ?
checkRd: (-1) kRp.text_get-methods.Rd:297-298: Lost braces in \itemize; meant \describe ?
checkRd: (-1) kRp.text_get-methods.Rd:299-301: Lost braces in \itemize; meant \describe ?
checkRd: (-1) kRp.text_get-methods.Rd:302: Lost braces in \itemize; meant \describe ?
checkRd: (-1) lex.div.num.Rd:34: Lost braces
34 | \item \code{"TTR"}{The classic \emph{Type-Token Ratio}}
| ^
checkRd: (-1) lex.div.num.Rd:35: Lost braces in \itemize; meant \describe ?
checkRd: (-1) lex.div.num.Rd:36: Lost braces in \itemize; meant \describe ?
checkRd: (-1) lex.div.num.Rd:37: Lost braces in \itemize; meant \describe ?
checkRd: (-1) lex.div.num.Rd:38: Lost braces in \itemize; meant \describe ?
checkRd: (-1) lex.div.num.Rd:39: Lost braces in \itemize; meant \describe ?
checkRd: (-1) lex.div.num.Rd:40: Lost braces in \itemize; meant \describe ?
checkRd: (-1) textTransform-methods.Rd:31: Lost braces in \itemize; meant \describe ?
checkRd: (-1) textTransform-methods.Rd:32: Lost braces in \itemize; meant \describe ?
checkRd: (-1) textTransform-methods.Rd:33: Lost braces in \itemize; meant \describe ?
checkRd: (-1) textTransform-methods.Rd:34: Lost braces in \itemize; meant \describe ?
checkRd: (-1) textTransform-methods.Rd:35: Lost braces in \itemize; meant \describe ?
checkRd: (-1) textTransform-methods.Rd:36-38: Lost braces in \itemize; meant \describe ?
checkRd: (-1) textTransform-methods.Rd:39: Lost braces in \itemize; meant \describe ?
checkRd: (-1) textTransform-methods.Rd:40-41: Lost braces in \itemize; meant \describe ?
checkRd: (-1) textTransform-methods.Rd:42: Lost braces in \itemize; meant \describe ?
checkRd: (-1) textTransform-methods.Rd:43: Lost braces in \itemize; meant \describe ?
checkRd: (-1) textTransform-methods.Rd:61: Lost braces in \itemize; meant \describe ?
checkRd: (-1) textTransform-methods.Rd:62: Lost braces in \itemize; meant \describe ?
checkRd: (-1) textTransform-methods.Rd:63: Lost braces in \itemize; meant \describe ?
checkRd: (-1) textTransform-methods.Rd:64: Lost braces in \itemize; meant \describe ?
checkRd: (-1) textTransform-methods.Rd:109: Lost braces in \itemize; meant \describe ?
checkRd: (-1) textTransform-methods.Rd:110-111: Lost braces in \itemize; meant \describe ?
checkRd: (-1) tokenize-methods.Rd:94: Lost braces in \itemize; meant \describe ?
checkRd: (-1) tokenize-methods.Rd:95-96: Lost braces in \itemize; meant \describe ?
checkRd: (-1) tokenize-methods.Rd:97: Lost braces in \itemize; meant \describe ?
checkRd: (-1) treetag-methods.Rd:99-100: Lost braces in \itemize; meant \describe ?
checkRd: (-1) treetag-methods.Rd:101-107: Lost braces in \itemize; meant \describe ?
checkRd: (-1) treetag-methods.Rd:108-109: Lost braces in \itemize; meant \describe ?
checkRd: (-1) treetag-methods.Rd:110-113: Lost braces in \itemize; meant \describe ?
checkRd: (-1) treetag-methods.Rd:114-116: Lost braces in \itemize; meant \describe ?
checkRd: (-1) treetag-methods.Rd:117-118: Lost braces in \itemize; meant \describe ?
checkRd: (-1) treetag-methods.Rd:119-120: Lost braces in \itemize; meant \describe ?
checkRd: (-1) treetag-methods.Rd:121-122: Lost braces in \itemize; meant \describe ?
checkRd: (-1) treetag-methods.Rd:123-124: Lost braces in \itemize; meant \describe ?
checkRd: (-1) treetag-methods.Rd:125-126: Lost braces in \itemize; meant \describe ?
checkRd: (-1) treetag-methods.Rd:127-128: Lost braces in \itemize; meant \describe ?
checkRd: (-1) treetag-methods.Rd:129-130: Lost braces in \itemize; meant \describe ?
checkRd: (-1) treetag-methods.Rd:131-132: Lost braces in \itemize; meant \describe ?
checkRd: (-1) treetag-methods.Rd:133: Lost braces in \itemize; meant \describe ?
Flavors: r-devel-linux-x86_64-debian-clang, r-devel-linux-x86_64-debian-gcc, r-devel-linux-x86_64-fedora-clang, r-devel-linux-x86_64-fedora-gcc, r-devel-windows-x86_64, r-patched-linux-x86_64, r-release-linux-x86_64, r-release-macos-arm64, r-release-macos-x86_64, r-release-windows-x86_64, r-oldrel-macos-arm64, r-oldrel-macos-x86_64, r-oldrel-windows-x86_64
Version: 0.13-8
Check: top-level files
Result: NOTE
Found the following validation problem for the NEWS.Rd HTML conversion:
NEWS.html:41:1 (inst/NEWS.Rd:13): Warning: <h4> anchor "fixed" already defined
NEWS.html:64:1 (inst/NEWS.Rd:26): Warning: <h4> anchor "fixed" already defined
NEWS.html:128:1 (inst/NEWS.Rd:58): Warning: <h4> anchor "fixed" already defined
NEWS.html:159:1 (inst/NEWS.Rd:75): Warning: <h4> anchor "added" already defined
NEWS.html:170:1 (inst/NEWS.Rd:80): Warning: <h4> anchor "changed" already defined
NEWS.html:200:1 (inst/NEWS.Rd:94): Warning: <h4> anchor "fixed" already defined
NEWS.html:228:1 (inst/NEWS.Rd:108): Warning: <h4> anchor "changed" already defined
NEWS.html:247:1 (inst/NEWS.Rd:117): Warning: <h4> anchor "fixed" already defined
NEWS.html:263:1 (inst/NEWS.Rd:125): Warning: <h4> anchor "fixed" already defined
NEWS.html:290:1 (inst/NEWS.Rd:138): Warning: <h4> anchor "fixed" already defined
NEWS.html:332:1 (inst/NEWS.Rd:160): Warning: <h4> anchor "changed" already defined
NEWS.html:374:1 (inst/NEWS.Rd:182): Warning: <h4> anchor "added" already defined
NEWS.html:430:1 (inst/NEWS.Rd:212): Warning: <h4> anchor "removed" already defined
NEWS.html:463:1 (inst/NEWS.Rd:231): Warning: <h4> anchor "fixed" already defined
NEWS.html:485:1 (inst/NEWS.Rd:241): Warning: <h4> anchor "added" already defined
NEWS.html:535:1 (inst/NEWS.Rd:265): Warning: <h4> anchor "changed" already defined
NEWS.html:606:1 (inst/NEWS.Rd:302): Warning: <h4> anchor "changed" already defined
NEWS.html:635:1 (inst/NEWS.Rd:321): Warning: <h4> anchor "fixed" already defined
NEWS.html:653:1 (inst/NEWS.Rd:331): Warning: <h4> anchor "fixed" already defined
NEWS.html:667:1 (inst/NEWS.Rd:337): Warning: <h4> anchor "changed" already defined
NEWS.html:687:1 (inst/NEWS.Rd:347): Warning: <h4> anchor "fixed" already defined
NEWS.html:702:1 (inst/NEWS.Rd:354): Warning: <h4> anchor "changed" already defined
NEWS.html:734:1 (inst/NEWS.Rd:370): Warning: <h4> anchor "added" already defined
NEWS.html:769:1 (inst/NEWS.Rd:389): Warning: <h4> anchor "fixed" already defined
NEWS.html:793:1 (inst/NEWS.Rd:401): Warning: <h4> anchor "changed" already defined
NEWS.html:820:1 (inst/NEWS.Rd:418): Warning: <h4> anchor "added" already defined
NEWS.html:835:1 (inst/NEWS.Rd:425): Warning: <h4> anchor "removed" already defined
NEWS.html:853:1 (inst/NEWS.Rd:435): Warning: <h4> anchor "fixed" already defined
NEWS.html:871:1 (inst/NEWS.Rd:445): Warning: <h4> anchor "changed" already defined
NEWS.html:938:1 (inst/NEWS.Rd:486): Warning: <h4> anchor "added" already defined
NEWS.html:993:1 (inst/NEWS.Rd:515): Warning: <h4> anchor "removed" already defined
NEWS.html:1020:1 (inst/NEWS.Rd:532): Warning: <h4> anchor "fixed" already defined
NEWS.html:1037:1 (inst/NEWS.Rd:541): Warning: <h4> anchor "changed" already defined
NEWS.html:1072:1 (inst/NEWS.Rd:560): Warning: <h4> anchor "added" already defined
NEWS.html:1085:1 (inst/NEWS.Rd:567): Warning: <h4> anchor "removed" already defined
NEWS.html:1100:1 (inst/NEWS.Rd:574): Warning: <h4> anchor "fixed" already defined
NEWS.html:1112:1 (inst/NEWS.Rd:580): Warning: <h4> anchor "changed" already defined
NEWS.html:1135:1 (inst/NEWS.Rd:593): Warning: <h4> anchor "fixed" already defined
NEWS.html:1172:1 (inst/NEWS.Rd:610): Warning: <h4> anchor "changed" already defined
NEWS.html:1194:1 (inst/NEWS.Rd:620): Warning: <h4> anchor "added" already defined
NEWS.html:1215:1 (inst/NEWS.Rd:629): Warning: <h4> anchor "fixed" already defined
NEWS.html:1239:1 (inst/NEWS.Rd:641): Warning: <h4> anchor "changed" already defined
NEWS.html:1297:1 (inst/NEWS.Rd:671): Warning: <h4> anchor "added" already defined
NEWS.html:1335:1 (inst/NEWS.Rd:691): Warning: <h4> anchor "fixed" already defined
NEWS.html:1355:1 (inst/NEWS.Rd:701): Warning: <h4> anchor "added" already defined
NEWS.html:1385:1 (inst/NEWS.Rd:717): Warning: <h4> anchor "fixed" already defined
NEWS.html:1407:1 (inst/NEWS.Rd:727): Warning: <h4> anchor "changed" already defined
NEWS.html:1426:1 (inst/NEWS.Rd:736): Warning: <h4> anchor "added" already defined
NEWS.html:1448:1 (inst/NEWS.Rd:746): Warning: <h4> anchor "fixed" already defined
NEWS.html:1469:1 (inst/NEWS.Rd:757): Warning: <h4> anchor "added" already defined
NEWS.html:1485:1 (inst/NEWS.Rd:765): Warning: <h4> anchor "fixed" already defined
NEWS.html:1500:1 (inst/NEWS.Rd:772): Warning: <h4> anchor "changed" already defined
NEWS.html:1519:1 (inst/NEWS.Rd:781): Warning: <h4> anchor "added" already defined
NEWS.html:1539:1 (inst/NEWS.Rd:793): Warning: <h4> anchor "fixed" already defined
NEWS.html:1554:1 (inst/NEWS.Rd:800): Warning: <h4> anchor "changed" already defined
NEWS.html:1581:1 (inst/NEWS.Rd:813): Warning: <h4> anchor "added" already defined
NEWS.html:1600:1 (inst/NEWS.Rd:822): Warning: <h4> anchor "fixed" already defined
NEWS.html:1634:1 (inst/NEWS.Rd:838): Warning: <h4> anchor "changed" already defined
NEWS.html:1649:1 (inst/NEWS.Rd:845): Warning: <h4> anchor "added" already defined
NEWS.html:1671:1 (inst/NEWS.Rd:855): Warning: <h4> anchor "changed" already defined
NEWS.html:1690:1 (inst/NEWS.Rd:864): Warning: <h4> anchor "added" already defined
NEWS.html:1712:1 (inst/NEWS.Rd:874): Warning: <h4> anchor "fixed" already defined
NEWS.html:1729:1 (inst/NEWS.Rd:883): Warning: <h4> anchor "fixed" already defined
NEWS.html:1745:1 (inst/NEWS.Rd:891): Warning: <h4> anchor "changed" already defined
NEWS.html:1779:1 (inst/NEWS.Rd:907): Warning: <h4> anchor "added" already defined
NEWS.html:1791:1 (inst/NEWS.Rd:913): Warning: <h4> anchor "removed" already defined
NEWS.html:1809:1 (inst/NEWS.Rd:923): Warning: <h4> anchor "fixed" already defined
NEWS.html:1828:1 (inst/NEWS.Rd:932): Warning: <h4> anchor "changed" already defined
NEWS.html:1840:1 (inst/NEWS.Rd:938): Warning: <h4> anchor "added" already defined
NEWS.html:1868:1 (inst/NEWS.Rd:950): Warning: <h4> anchor "fixed" already defined
NEWS.html:1892:1 (inst/NEWS.Rd:962): Warning: <h4> anchor "changed" already defined
NEWS.html:1949:1 (inst/NEWS.Rd:993): Warning: <h4> anchor "added" already defined
NEWS.html:1995:1 (inst/NEWS.Rd:1015): Warning: <h4> anchor "fixed" already defined
NEWS.html:2011:1 (inst/NEWS.Rd:1023): Warning: <h4> anchor "fixed" already defined
NEWS.html:2030:1 (inst/NEWS.Rd:1032): Warning: <h4> anchor "changed" already defined
NEWS.html:2051:1 (inst/NEWS.Rd:1043): Warning: <h4> anchor "added" already defined
NEWS.html:2092:1 (inst/NEWS.Rd:1064): Warning: <h4> anchor "added" already defined
NEWS.html:2107:1 (inst/NEWS.Rd:1071): Warning: <h4> anchor "fixed" already defined
NEWS.html:2126:1 (inst/NEWS.Rd:1080): Warning: <h4> anchor "changed" already defined
NEWS.html:2149:1 (inst/NEWS.Rd:1091): Warning: <h4> anchor "fixed" already defined
NEWS.html:2164:1 (inst/NEWS.Rd:1098): Warning: <h4> anchor "changed" already defined
NEWS.html:2177:1 (inst/NEWS.Rd:1105): Warning: <h4> anchor "fixed" already defined
NEWS.html:2193:1 (inst/NEWS.Rd:1113): Warning: <h4> anchor "added" already defined
NEWS.html:2205:1 (inst/NEWS.Rd:1119): Warning: <h4> anchor "changed" already defined
NEWS.html:2228:1 (inst/NEWS.Rd:1130): Warning: <h4> anchor "fixed" already defined
NEWS.html:2246:1 (inst/NEWS.Rd:1138): Warning: <h4> anchor "changed" already defined
NEWS.html:2257:1 (inst/NEWS.Rd:1143): Warning: <h4> anchor "added" already defined
NEWS.html:2277:1 (inst/NEWS.Rd:1153): Warning: <h4> anchor "added" already defined
NEWS.html:2288:1 (inst/NEWS.Rd:1158): Warning: <h4> anchor "fixed" already defined
NEWS.html:2304:1 (inst/NEWS.Rd:1166): Warning: <h4> anchor "added" already defined
NEWS.html:2318:1 (inst/NEWS.Rd:1172): Warning: <h4> anchor "fixed" already defined
Flavor: r-devel-linux-x86_64-debian-gcc
Version: 0.13-8
Check: package dependencies
Result: NOTE
Packages suggested but not available for checking:
'koRpus.lang.de', 'koRpus.lang.es', 'koRpus.lang.fr',
'koRpus.lang.it', 'koRpus.lang.nl', 'koRpus.lang.pt',
'koRpus.lang.ru'
Package which this enhances but not available for checking: ‘rkward’
Flavors: r-oldrel-macos-arm64, r-oldrel-macos-x86_64, r-oldrel-windows-x86_64