Last updated on 2025-10-22 09:50:37 CEST.
Flavor | Version | Tinstall | Tcheck | Ttotal | Status | Flags |
---|---|---|---|---|---|---|
r-devel-linux-x86_64-debian-clang | 2.15.0 | 6.06 | 80.71 | 86.77 | NOTE | |
r-devel-linux-x86_64-debian-gcc | 2.15.0 | 4.29 | 57.95 | 62.24 | NOTE | |
r-devel-linux-x86_64-fedora-clang | 2.15.0 | 49.00 | 93.52 | 142.52 | OK | |
r-devel-linux-x86_64-fedora-gcc | 2.15.0 | 14.00 | 127.13 | 141.13 | OK | |
r-devel-windows-x86_64 | 2.15.0 | 8.00 | 97.00 | 105.00 | OK | |
r-patched-linux-x86_64 | 2.15.0 | 6.76 | 74.92 | 81.68 | OK | |
r-release-linux-x86_64 | 2.15.0 | 5.18 | 75.82 | 81.00 | OK | |
r-release-macos-arm64 | 2.15.0 | 3.00 | 52.00 | 55.00 | OK | |
r-release-macos-x86_64 | 2.15.0 | 10.00 | 100.00 | 110.00 | OK | |
r-release-windows-x86_64 | 2.15.0 | 8.00 | 99.00 | 107.00 | OK | |
r-oldrel-macos-arm64 | 2.15.0 | 3.00 | 66.00 | 69.00 | OK | |
r-oldrel-macos-x86_64 | 2.15.0 | 7.00 | 93.00 | 100.00 | OK | |
r-oldrel-windows-x86_64 | 2.15.0 | 11.00 | 118.00 | 129.00 | OK |
Version: 2.15.0
Check: HTML version of manual
Result: NOTE
Found the following HTML validation problems:
is_prefixed.html:46:1 (is_prefixed.Rd:10): Warning: missing </ul> before </div>
Flavors: r-devel-linux-x86_64-debian-clang, r-devel-linux-x86_64-debian-gcc