Last updated on 2025-10-22 09:50:37 CEST.
Flavor | Version | Tinstall | Tcheck | Ttotal | Status | Flags |
---|---|---|---|---|---|---|
r-devel-linux-x86_64-debian-clang | 1.5.2 | 58.84 | 183.24 | 242.08 | NOTE | |
r-devel-linux-x86_64-debian-gcc | 1.5.2 | 39.05 | 136.93 | 175.98 | NOTE | |
r-devel-linux-x86_64-fedora-clang | 1.5.2 | 197.00 | 220.77 | 417.77 | OK | |
r-devel-linux-x86_64-fedora-gcc | 1.5.2 | 122.00 | 274.45 | 396.45 | OK | |
r-devel-windows-x86_64 | 1.5.2 | 69.00 | 230.00 | 299.00 | OK | |
r-patched-linux-x86_64 | 1.5.2 | 59.54 | 179.23 | 238.77 | OK | |
r-release-linux-x86_64 | 1.5.2 | 58.84 | 178.84 | 237.68 | OK | |
r-release-macos-arm64 | 1.5.2 | 27.00 | 81.00 | 108.00 | OK | |
r-release-macos-x86_64 | 1.5.2 | 41.00 | 165.00 | 206.00 | OK | |
r-release-windows-x86_64 | 1.5.2 | 68.00 | 237.00 | 305.00 | OK | |
r-oldrel-macos-arm64 | 1.5.2 | 27.00 | 133.00 | 160.00 | NOTE | |
r-oldrel-macos-x86_64 | 1.5.2 | 40.00 | 167.00 | 207.00 | NOTE | |
r-oldrel-windows-x86_64 | 1.5.2 | 81.00 | 295.00 | 376.00 | NOTE |
Version: 1.5.2
Check: HTML version of manual
Result: NOTE
Found the following HTML validation problems:
initialize-methods.html:157:1 (initialize-methods.Rd:86): Warning: missing </ul> before </div>
print-methods.html:51:1 (print-methods.Rd:13): Warning: missing </ul> before </div>
show-methods.html:47:1 (show-methods.Rd:11): Warning: missing </ul> before </div>
summary-methods.html:47:1 (summary-methods.Rd:11): Warning: missing </ul> before </div>
Flavors: r-devel-linux-x86_64-debian-clang, r-devel-linux-x86_64-debian-gcc
Version: 1.5.2
Check: installed package size
Result: NOTE
installed size is 10.1Mb
sub-directories of 1Mb or more:
doc 1.9Mb
libs 5.8Mb
Flavors: r-oldrel-macos-arm64, r-oldrel-macos-x86_64, r-oldrel-windows-x86_64