Last updated on 2025-10-21 09:48:36 CEST.
Flavor | Version | Tinstall | Tcheck | Ttotal | Status | Flags |
---|---|---|---|---|---|---|
r-devel-linux-x86_64-debian-clang | 2.12.0 | 20.28 | 231.74 | 252.02 | OK | |
r-devel-linux-x86_64-debian-gcc | 2.12.0 | 14.39 | 151.58 | 165.97 | NOTE | |
r-devel-linux-x86_64-fedora-clang | 2.12.0 | 404.47 | OK | |||
r-devel-linux-x86_64-fedora-gcc | 2.12.0 | 363.08 | OK | |||
r-devel-windows-x86_64 | 2.12.0 | 30.00 | 240.00 | 270.00 | OK | |
r-patched-linux-x86_64 | 2.12.0 | 20.65 | 213.59 | 234.24 | OK | |
r-release-linux-x86_64 | 2.12.0 | 19.02 | 216.12 | 235.14 | OK | |
r-release-macos-arm64 | 2.12.0 | 100.00 | OK | |||
r-release-macos-x86_64 | 2.12.0 | 200.00 | OK | |||
r-release-windows-x86_64 | 2.12.0 | 33.00 | 236.00 | 269.00 | OK | |
r-oldrel-macos-arm64 | 2.12.0 | 100.00 | NOTE | |||
r-oldrel-macos-x86_64 | 2.12.0 | 237.00 | NOTE | |||
r-oldrel-windows-x86_64 | 2.12.0 | 36.00 | 298.00 | 334.00 | NOTE |
Version: 2.12.0
Check: HTML version of manual
Result: NOTE
Found the following HTML validation problems:
Intercept-ergmTerm-49126971.html:77:1 (Intercept-ergmTerm-49126971.Rd:40): Warning: missing </ul> before </div>
bilinear-ergmTerm-3e739bd7.html:158:1 (bilinear-ergmTerm-3e739bd7.Rd:91): Warning: missing </ul> before </div>
euclidean-ergmTerm-6ab46c25.html:155:1 (euclidean-ergmTerm-6ab46c25.Rd:88): Warning: missing </ul> before </div>
euclidean2-ergmTerm-939e9c32.html:155:1 (euclidean2-ergmTerm-939e9c32.Rd:88): Warning: missing </ul> before </div>
latentcov-ergmTerm-fba43306.html:88:1 (latentcov-ergmTerm-fba43306.Rd:46): Warning: missing </ul> before </div>
loopcov-ergmTerm-bbc2e00a.html:70:1 (loopcov-ergmTerm-bbc2e00a.Rd:29): Warning: missing </ul> before </div>
loopfactor-ergmTerm-19d02eff.html:92:1 (loopfactor-ergmTerm-19d02eff.Rd:51): Warning: missing </ul> before </div>
loops-ergmTerm-968722e8.html:62:1 (loops-ergmTerm-968722e8.Rd:23): Warning: missing </ul> before </div>
receivercov-ergmTerm-ea158ece.html:87:1 (receivercov-ergmTerm-ea158ece.Rd:41): Warning: missing </ul> before </div>
rreceiver-ergmTerm-abdcadad.html:95:1 (rreceiver-ergmTerm-abdcadad.Rd:47): Warning: missing </ul> before </div>
rsender-ergmTerm-b342610b.html:95:1 (rsender-ergmTerm-b342610b.Rd:47): Warning: missing </ul> before </div>
rsociality-ergmTerm-7ae668b9.html:89:1 (rsociality-ergmTerm-7ae668b9.Rd:44): Warning: missing </ul> before </div>
sendercov-ergmTerm-a7b5c66c.html:87:1 (sendercov-ergmTerm-a7b5c66c.Rd:41): Warning: missing </ul> before </div>
socialitycov-ergmTerm-339101cf.html:81:1 (socialitycov-ergmTerm-339101cf.Rd:38): Warning: missing </ul> before </div>
Flavor: r-devel-linux-x86_64-debian-gcc
Version: 2.12.0
Check: for GNU extensions in Makefiles
Result: NOTE
GNU make is a SystemRequirements.
Flavors: r-oldrel-macos-arm64, r-oldrel-macos-x86_64, r-oldrel-windows-x86_64