Last updated on 2025-10-21 09:48:36 CEST.
Flavor | Version | Tinstall | Tcheck | Ttotal | Status | Flags |
---|---|---|---|---|---|---|
r-devel-linux-x86_64-debian-clang | 1.6.2 | 20.32 | 426.16 | 446.48 | OK | |
r-devel-linux-x86_64-debian-gcc | 1.6.2 | 14.44 | 266.38 | 280.82 | NOTE | |
r-devel-linux-x86_64-fedora-clang | 1.6.2 | 647.97 | OK | |||
r-devel-linux-x86_64-fedora-gcc | 1.6.2 | 567.95 | OK | |||
r-devel-windows-x86_64 | 1.6.2 | 23.00 | 370.00 | 393.00 | OK | |
r-patched-linux-x86_64 | 1.6.2 | 27.86 | 367.34 | 395.20 | OK | |
r-release-linux-x86_64 | 1.6.2 | 20.20 | 368.19 | 388.39 | OK | |
r-release-macos-arm64 | 1.6.2 | 197.00 | OK | |||
r-release-macos-x86_64 | 1.6.2 | 326.00 | OK | |||
r-release-windows-x86_64 | 1.6.2 | 22.00 | 351.00 | 373.00 | OK | |
r-oldrel-macos-arm64 | 1.6.2 | 226.00 | NOTE | |||
r-oldrel-macos-x86_64 | 1.6.2 | 330.00 | NOTE | |||
r-oldrel-windows-x86_64 | 1.6.2 | 31.00 | 469.00 | 500.00 | OK |
Version: 1.6.2
Check: HTML version of manual
Result: NOTE
Found the following HTML validation problems:
assert.html:111:1 (assert.Rd:51): Warning: missing </ul> before </div>
dot-guessResponseVariable.html:63:1 (dot-guessResponseVariable.Rd:21): Warning: missing </ul> before </div>
dot-trajSubset.html:54:1 (dot-trajSubset.Rd:14): Warning: missing </ul> before </div>
interface-metaMethods.html:119:1 (interface-metaMethods.Rd:74): Warning: missing </ul> before </div>
isArgDefined.html:54:1 (isArgDefined.Rd:14): Warning: missing </ul> before </div>
lcApproxModel-class.html:83:1 (lcApproxModel-class.Rd:35): Warning: missing </ul> before </div>
lcMatrixMethod-class.html:69:1 (lcMatrixMethod-class.Rd:26): Warning: missing </ul> before </div>
lcModelWeightedPartition.html:78:1 (lcModelWeightedPartition.Rd:30): Warning: missing </ul> before </div>
meanNA.html:53:1 (meanNA.Rd:15): Warning: missing </ul> before </div>
model.data.html:50:1 (model.data.Rd:12): Warning: missing </ul> before </div>
plot-lcModels-method.html:64:1 (plot-lcModels-method.Rd:21): Warning: missing </ul> before </div>
postProbFromObs.html:50:1 (postProbFromObs.Rd:12): Warning: missing </ul> before </div>
postprobFromAssignments.html:50:1 (postprobFromAssignments.Rd:12): Warning: missing </ul> before </div>
print.lcMethod.html:63:1 (print.lcMethod.Rd:18): Warning: missing </ul> before </div>
summary.lcModel.html:51:1 (summary.lcModel.Rd:12): Warning: missing </ul> before </div>
weighted.meanNA.html:56:1 (weighted.meanNA.Rd:16): Warning: missing </ul> before </div>
Flavor: r-devel-linux-x86_64-debian-gcc
Version: 1.6.2
Check: package dependencies
Result: NOTE
Package suggested but not available for checking: ‘mixAK’
Flavors: r-oldrel-macos-arm64, r-oldrel-macos-x86_64
Version: 1.6.2
Check: Rd cross-references
Result: NOTE
Package unavailable to check Rd xrefs: ‘mixAK’
Flavors: r-oldrel-macos-arm64, r-oldrel-macos-x86_64