Last updated on 2025-10-22 09:50:38 CEST.
Flavor | Version | Tinstall | Tcheck | Ttotal | Status | Flags |
---|---|---|---|---|---|---|
r-devel-linux-x86_64-debian-clang | 2.0.13 | 3.33 | 55.45 | 58.78 | NOTE | |
r-devel-linux-x86_64-debian-gcc | 2.0.13 | 2.52 | 39.84 | 42.36 | NOTE | |
r-devel-linux-x86_64-fedora-clang | 2.0.13 | 91.60 | OK | |||
r-devel-linux-x86_64-fedora-gcc | 2.0.13 | 85.58 | OK | |||
r-devel-windows-x86_64 | 2.0.13 | 6.00 | 87.00 | 93.00 | OK | |
r-patched-linux-x86_64 | 2.0.13 | 3.37 | 52.16 | 55.53 | OK | |
r-release-linux-x86_64 | 2.0.13 | 3.67 | 51.20 | 54.87 | OK | |
r-release-macos-arm64 | 2.0.13 | 1.00 | 40.00 | 41.00 | OK | |
r-release-macos-x86_64 | 2.0.13 | 3.00 | 65.00 | 68.00 | OK | |
r-release-windows-x86_64 | 2.0.13 | 6.00 | 89.00 | 95.00 | OK | |
r-oldrel-macos-arm64 | 2.0.13 | 1.00 | 37.00 | 38.00 | OK | |
r-oldrel-macos-x86_64 | 2.0.13 | 4.00 | 78.00 | 82.00 | OK | |
r-oldrel-windows-x86_64 | 2.0.13 | 7.00 | 111.00 | 118.00 | OK |
Version: 2.0.13
Check: HTML version of manual
Result: NOTE
Found the following HTML validation problems:
plot.conductanceMatrix.html:51:1 (plot.conductanceMatrix.Rd:12): Warning: missing </ul> before </div>
Flavors: r-devel-linux-x86_64-debian-clang, r-devel-linux-x86_64-debian-gcc