Last updated on 2025-10-22 09:50:38 CEST.
Flavor | Version | Tinstall | Tcheck | Ttotal | Status | Flags |
---|---|---|---|---|---|---|
r-devel-linux-x86_64-debian-clang | 0.2.0 | 42.06 | 153.00 | 195.06 | NOTE | |
r-devel-linux-x86_64-debian-gcc | 0.2.0 | 26.11 | 101.68 | 127.79 | NOTE | |
r-devel-linux-x86_64-fedora-clang | 0.2.0 | 202.00 | 155.42 | 357.42 | OK | |
r-devel-linux-x86_64-fedora-gcc | 0.2.0 | 92.00 | 209.16 | 301.16 | OK | |
r-devel-windows-x86_64 | 0.2.0 | 30.00 | 123.00 | 153.00 | OK | |
r-patched-linux-x86_64 | 0.2.0 | 46.87 | 158.19 | 205.06 | OK | |
r-release-linux-x86_64 | 0.2.0 | 45.72 | 156.69 | 202.41 | OK | |
r-release-macos-arm64 | 0.2.0 | 53.00 | 140.00 | 193.00 | OK | |
r-release-macos-x86_64 | 0.2.0 | 43.00 | 118.00 | 161.00 | OK | |
r-release-windows-x86_64 | 0.2.0 | 30.00 | 120.00 | 150.00 | OK | |
r-oldrel-macos-arm64 | 0.2.0 | 38.00 | 59.00 | 97.00 | OK | |
r-oldrel-macos-x86_64 | 0.2.0 | 41.00 | 119.00 | 160.00 | OK | |
r-oldrel-windows-x86_64 | 0.2.0 | 33.00 | 143.00 | 176.00 | OK |
Version: 0.2.0
Check: HTML version of manual
Result: NOTE
Found the following HTML validation problems:
propofnormal.html:50:1 (propofnormal.Rd:12): Warning: missing </ul> before </div>
Flavors: r-devel-linux-x86_64-debian-clang, r-devel-linux-x86_64-debian-gcc