Last updated on 2025-10-21 09:48:36 CEST.
Flavor | Version | Tinstall | Tcheck | Ttotal | Status | Flags |
---|---|---|---|---|---|---|
r-devel-linux-x86_64-debian-clang | 0.2.1 | 16.24 | 51.39 | 67.63 | OK | |
r-devel-linux-x86_64-debian-gcc | 0.2.1 | 10.49 | 39.67 | 50.16 | NOTE | |
r-devel-linux-x86_64-fedora-clang | 0.2.1 | 104.47 | OK | |||
r-devel-linux-x86_64-fedora-gcc | 0.2.1 | 93.77 | OK | |||
r-devel-windows-x86_64 | 0.2.1 | 14.00 | 82.00 | 96.00 | OK | |
r-patched-linux-x86_64 | 0.2.1 | 16.20 | 47.44 | 63.64 | OK | |
r-release-linux-x86_64 | 0.2.1 | 14.85 | 46.48 | 61.33 | OK | |
r-release-macos-arm64 | 0.2.1 | 32.00 | OK | |||
r-release-macos-x86_64 | 0.2.1 | 112.00 | OK | |||
r-release-windows-x86_64 | 0.2.1 | 15.00 | 83.00 | 98.00 | OK | |
r-oldrel-macos-arm64 | 0.2.1 | 35.00 | OK | |||
r-oldrel-macos-x86_64 | 0.2.1 | 81.00 | OK | |||
r-oldrel-windows-x86_64 | 0.2.1 | 19.00 | 96.00 | 115.00 | NOTE |
Version: 0.2.1
Check: HTML version of manual
Result: NOTE
Found the following HTML validation problems:
AppenderAWSCloudWatchLog.html:188:1 (AppenderAWSCloudWatchLog.Rd:148): Warning: <h5> anchor "Usage" already defined
AppenderAWSCloudWatchLog.html:194:1 (AppenderAWSCloudWatchLog.Rd:152): Warning: <h5> anchor "Arguments" already defined
AppenderAWSCloudWatchLog.html:218:1 (AppenderAWSCloudWatchLog.Rd:166): Warning: <h5> anchor "Usage" already defined
AppenderAWSCloudWatchLog.html:224:1 (AppenderAWSCloudWatchLog.Rd:170): Warning: <h5> anchor "Arguments" already defined
AppenderAWSCloudWatchLog.html:247:1 (AppenderAWSCloudWatchLog.Rd:183): Warning: <h5> anchor "Usage" already defined
AppenderAWSCloudWatchLog.html:253:1 (AppenderAWSCloudWatchLog.Rd:187): Warning: <h5> anchor "Arguments" already defined
AppenderAWSCloudWatchLog.html:276:1 (AppenderAWSCloudWatchLog.Rd:200): Warning: <h5> anchor "Usage" already defined
AppenderAWSCloudWatchLog.html:282:1 (AppenderAWSCloudWatchLog.Rd:204): Warning: <h5> anchor "Arguments" already defined
AppenderAWSCloudWatchLog.html:304:1 (AppenderAWSCloudWatchLog.Rd:217): Warning: <h5> anchor "Usage" already defined
AppenderDbi.html:212:1 (AppenderDbi.Rd:180): Warning: <h5> anchor "Usage" already defined
AppenderDbi.html:226:1 (AppenderDbi.Rd:189): Warning: <h5> anchor "Usage" already defined
AppenderDbi.html:240:1 (AppenderDbi.Rd:198): Warning: <h5> anchor "Usage" already defined
AppenderDbi.html:254:1 (AppenderDbi.Rd:207): Warning: <h5> anchor "Usage" already defined
AppenderDigest.html:120:1 (AppenderDigest.Rd:85): Warning: <h5> anchor "Usage" already defined
AppenderDynatrace.html:151:1 (AppenderDynatrace.Rd:103): Warning: <h5> anchor "Usage" already defined
AppenderDynatrace.html:165:1 (AppenderDynatrace.Rd:112): Warning: <h5> anchor "Usage" already defined
AppenderDynatrace.html:181:1 (AppenderDynatrace.Rd:122): Warning: <h5> anchor "Usage" already defined
AppenderDynatrace.html:197:1 (AppenderDynatrace.Rd:132): Warning: <h5> anchor "Usage" already defined
AppenderDynatrace.html:211:1 (AppenderDynatrace.Rd:141): Warning: <h5> anchor "Usage" already defined
AppenderElasticSearch.html:172:1 (AppenderElasticSearch.Rd:115): Warning: <h5> anchor "Usage" already defined
AppenderElasticSearch.html:186:1 (AppenderElasticSearch.Rd:124): Warning: <h5> anchor "Usage" already defined
AppenderElasticSearch.html:196:1 (AppenderElasticSearch.Rd:132): Warning: <h5> anchor "Arguments" already defined
AppenderElasticSearch.html:245:1 (AppenderElasticSearch.Rd:159): Warning: <h5> anchor "Usage" already defined
AppenderElasticSearch.html:259:1 (AppenderElasticSearch.Rd:168): Warning: <h5> anchor "Usage" already defined
AppenderGmail.html:128:1 (AppenderGmail.Rd:98): Warning: <h5> anchor "Usage" already defined
AppenderMail.html:139:1 (AppenderMail.Rd:92): Warning: <h5> anchor "Usage" already defined
AppenderMail.html:153:1 (AppenderMail.Rd:101): Warning: <h5> anchor "Usage" already defined
AppenderMail.html:167:1 (AppenderMail.Rd:110): Warning: <h5> anchor "Usage" already defined
AppenderMail.html:181:1 (AppenderMail.Rd:119): Warning: <h5> anchor "Usage" already defined
AppenderMail.html:195:1 (AppenderMail.Rd:128): Warning: <h5> anchor "Usage" already defined
AppenderMail.html:209:1 (AppenderMail.Rd:137): Warning: <h5> anchor "Usage" already defined
AppenderPool.html:207:1 (AppenderPool.Rd:172): Warning: <h5> anchor "Usage" already defined
AppenderPool.html:221:1 (AppenderPool.Rd:181): Warning: <h5> anchor "Usage" already defined
AppenderPool.html:235:1 (AppenderPool.Rd:190): Warning: <h5> anchor "Usage" already defined
AppenderPool.html:249:1 (AppenderPool.Rd:199): Warning: <h5> anchor "Usage" already defined
AppenderPushbullet.html:170:1 (AppenderPushbullet.Rd:140): Warning: <h5> anchor "Usage" already defined
AppenderPushbullet.html:184:1 (AppenderPushbullet.Rd:149): Warning: <h5> anchor "Usage" already defined
AppenderPushbullet.html:198:1 (AppenderPushbullet.Rd:158): Warning: <h5> anchor "Usage" already defined
AppenderPushbullet.html:212:1 (AppenderPushbullet.Rd:167): Warning: <h5> anchor "Usage" already defined
AppenderPushbullet.html:226:1 (AppenderPushbullet.Rd:176): Warning: <h5> anchor "Usage" already defined
AppenderPushbullet.html:240:1 (AppenderPushbullet.Rd:185): Warning: <h5> anchor "Usage" already defined
AppenderSendmail.html:147:1 (AppenderSendmail.Rd:141): Warning: <h5> anchor "Usage" already defined
AppenderSendmail.html:161:1 (AppenderSendmail.Rd:150): Warning: <h5> anchor "Usage" already defined
AppenderSendmail.html:175:1 (AppenderSendmail.Rd:159): Warning: <h5> anchor "Usage" already defined
AppenderSyslog.html:137:1 (AppenderSyslog.Rd:104): Warning: <h5> anchor "Usage" already defined
AppenderSyslog.html:153:1 (AppenderSyslog.Rd:114): Warning: <h5> anchor "Usage" already defined
AppenderSyslog.html:191:1 (AppenderSyslog.Rd:136): Warning: <h5> anchor "Usage" already defined
LayoutDbi.html:211:1 (LayoutDbi.Rd:152): Warning: <h5> anchor "Usage" already defined
LayoutDbi.html:225:1 (LayoutDbi.Rd:161): Warning: <h5> anchor "Usage" already defined
LayoutDbi.html:239:1 (LayoutDbi.Rd:170): Warning: <h5> anchor "Usage" already defined
LayoutDbi.html:253:1 (LayoutDbi.Rd:179): Warning: <h5> anchor "Usage" already defined
LayoutDbi.html:269:1 (LayoutDbi.Rd:189): Warning: <h5> anchor "Usage" already defined
LayoutElasticSearch.html:115:1 (LayoutElasticSearch.Rd:66): Warning: <h5> anchor "Usage" already defined
LayoutElasticSearch.html:129:1 (LayoutElasticSearch.Rd:75): Warning: <h5> anchor "Usage" already defined
LayoutElasticSearch.html:143:1 (LayoutElasticSearch.Rd:84): Warning: <h5> anchor "Usage" already defined
LayoutElasticSearch.html:159:1 (LayoutElasticSearch.Rd:94): Warning: <h5> anchor "Usage" already defined
Serializer.html:86:1 (Serializer.Rd:47): Warning: <h3> anchor "Methods" already defined
Serializer.html:90:1 (Serializer.Rd:48): Warning: <h4> anchor "Public-methods" already defined
Serializer.html:114:1 (Serializer.Rd:59): Warning: <h5> anchor "Usage" already defined
Serializer.html:134:1 (Serializer.Rd:74): Warning: <h5> anchor "Usage" already defined
Serializer.html:144:1 (Serializer.Rd:82): Warning: <h4> anchor "Method-+E2+80+98clone+28+29+E2+80+99" already defined
Serializer.html:150:1 (Serializer.Rd:84): Warning: <h5> anchor "Usage" already defined
Serializer.html:156:1 (Serializer.Rd:88): Warning: <h5> anchor "Arguments" already defined
select_dbi_layout.html:56:1 (select_dbi_layout.Rd:14): Warning: missing </ul> before </div>
Flavor: r-devel-linux-x86_64-debian-gcc
Version: 0.2.1
Check: package dependencies
Result: NOTE
Package suggested but not available for checking: 'rsyslog'
Flavor: r-oldrel-windows-x86_64