Last updated on 2025-10-21 09:48:36 CEST.
Flavor | Version | Tinstall | Tcheck | Ttotal | Status | Flags |
---|---|---|---|---|---|---|
r-devel-linux-x86_64-debian-clang | 0.3.2 | 2.12 | 28.01 | 30.13 | OK | |
r-devel-linux-x86_64-debian-gcc | 0.3.2 | 1.53 | 22.64 | 24.17 | NOTE | |
r-devel-linux-x86_64-fedora-clang | 0.3.2 | 46.44 | OK | |||
r-devel-linux-x86_64-fedora-gcc | 0.3.2 | 58.32 | OK | |||
r-devel-windows-x86_64 | 0.3.2 | 4.00 | 51.00 | 55.00 | OK | |
r-patched-linux-x86_64 | 0.3.2 | 2.25 | 26.77 | 29.02 | OK | |
r-release-linux-x86_64 | 0.3.2 | 2.10 | 26.41 | 28.51 | OK | |
r-release-macos-arm64 | 0.3.2 | 51.00 | OK | |||
r-release-macos-x86_64 | 0.3.2 | 48.00 | OK | |||
r-release-windows-x86_64 | 0.3.2 | 4.00 | 53.00 | 57.00 | OK | |
r-oldrel-macos-arm64 | 0.3.2 | 31.00 | OK | |||
r-oldrel-macos-x86_64 | 0.3.2 | 44.00 | OK | |||
r-oldrel-windows-x86_64 | 0.3.2 | 5.00 | 58.00 | 63.00 | OK |
Version: 0.3.2
Check: HTML version of manual
Result: NOTE
Found the following HTML validation problems:
board_classic.html:47:1 (board_classic.Rd:10): Warning: missing </ul> before </div>
board_entries-set.html:50:1 (board_entries-set.Rd:12): Warning: missing </ul> before </div>
board_size.html:46:1 (board_size.Rd:10): Warning: missing </ul> before </div>
board_toggle_matrix.html:49:1 (board_toggle_matrix.Rd:10): Warning: missing </ul> before </div>
Flavor: r-devel-linux-x86_64-debian-gcc