Last updated on 2025-10-22 09:50:38 CEST.
Flavor | Version | Tinstall | Tcheck | Ttotal | Status | Flags |
---|---|---|---|---|---|---|
r-devel-linux-x86_64-debian-clang | 1.3.0 | 10.58 | 99.99 | 110.57 | OK | |
r-devel-linux-x86_64-debian-gcc | 1.3.0 | 7.36 | 69.68 | 77.04 | OK | |
r-devel-linux-x86_64-fedora-clang | 1.3.0 | 25.00 | 142.86 | 167.86 | OK | |
r-devel-linux-x86_64-fedora-gcc | 1.3.0 | 21.00 | 151.40 | 172.40 | OK | |
r-devel-windows-x86_64 | 1.3.0 | 11.00 | 106.00 | 117.00 | OK | |
r-patched-linux-x86_64 | 1.3.0 | 10.45 | 93.41 | 103.86 | OK | |
r-release-linux-x86_64 | 1.3.0 | 8.44 | 93.01 | 101.45 | OK | |
r-release-macos-arm64 | 1.3.0 | 4.00 | 43.00 | 47.00 | OK | |
r-release-macos-x86_64 | 1.3.0 | 6.00 | 79.00 | 85.00 | OK | |
r-release-windows-x86_64 | 1.3.0 | 14.00 | 105.00 | 119.00 | OK | |
r-oldrel-macos-arm64 | 1.3.0 | 4.00 | 45.00 | 49.00 | NOTE | |
r-oldrel-macos-x86_64 | 1.3.0 | 11.00 | 113.00 | 124.00 | NOTE | |
r-oldrel-windows-x86_64 | 1.3.0 | 15.00 | 131.00 | 146.00 | NOTE |
Version: 1.3.0
Check: LazyData
Result: NOTE
'LazyData' is specified without a 'data' directory
Flavors: r-oldrel-macos-arm64, r-oldrel-macos-x86_64, r-oldrel-windows-x86_64