CRAN Package Check Results for Package lmm

Last updated on 2025-10-22 09:50:38 CEST.

Flavor Version Tinstall Tcheck Ttotal Status Flags
r-devel-linux-x86_64-debian-clang 1.4 12.51 32.23 44.74 NOTE
r-devel-linux-x86_64-debian-gcc 1.4 6.51 24.51 31.02 NOTE
r-devel-linux-x86_64-fedora-clang 1.4 26.00 41.16 67.16 OK
r-devel-linux-x86_64-fedora-gcc 1.4 24.00 50.80 74.80 OK
r-devel-windows-x86_64 1.4 12.00 59.00 71.00 OK
r-patched-linux-x86_64 1.4 8.74 30.52 39.26 OK
r-release-linux-x86_64 1.4 8.81 30.71 39.52 OK
r-release-macos-arm64 1.4 7.00 25.00 32.00 OK
r-release-macos-x86_64 1.4 13.00 52.00 65.00 OK
r-release-windows-x86_64 1.4 13.00 64.00 77.00 OK
r-oldrel-macos-arm64 1.4 6.00 22.00 28.00 OK
r-oldrel-macos-x86_64 1.4 9.00 47.00 56.00 OK
r-oldrel-windows-x86_64 1.4 11.00 61.00 72.00 OK

Check Details

Version: 1.4
Check: CRAN incoming feasibility
Result: NOTE Maintainer: ‘Jing hua Zhao <jinghuazhao@hotmail.com>’ No Authors@R field in DESCRIPTION. Please add one, modifying Authors@R: c(person(given = c("Original", "by", "Joseph", "L."), family = "Schafer", role = "aut"), person(given = c("Jing", "hua"), family = "Zhao", role = "cre", email = "jinghuazhao@hotmail.com")) as necessary. Flavors: r-devel-linux-x86_64-debian-clang, r-devel-linux-x86_64-debian-gcc