Last updated on 2025-10-22 09:50:38 CEST.
Flavor | Version | Tinstall | Tcheck | Ttotal | Status | Flags |
---|---|---|---|---|---|---|
r-devel-linux-x86_64-debian-clang | 0.9-40 | 5.45 | 48.19 | 53.64 | NOTE | |
r-devel-linux-x86_64-debian-gcc | 0.9-40 | 3.91 | 36.72 | 40.63 | NOTE | |
r-devel-linux-x86_64-fedora-clang | 0.9-40 | 15.00 | 64.61 | 79.61 | OK | |
r-devel-linux-x86_64-fedora-gcc | 0.9-40 | 10.00 | 79.07 | 89.07 | OK | |
r-devel-windows-x86_64 | 0.9-40 | 8.00 | 90.00 | 98.00 | OK | |
r-patched-linux-x86_64 | 0.9-40 | 4.60 | 46.50 | 51.10 | OK | |
r-release-linux-x86_64 | 0.9-40 | 4.09 | 46.12 | 50.21 | OK | |
r-release-macos-arm64 | 0.9-40 | 4.00 | 35.00 | 39.00 | OK | |
r-release-macos-x86_64 | 0.9-40 | 7.00 | 79.00 | 86.00 | OK | |
r-release-windows-x86_64 | 0.9-40 | 9.00 | 94.00 | 103.00 | OK | |
r-oldrel-macos-arm64 | 0.9-40 | 3.00 | 36.00 | 39.00 | OK | |
r-oldrel-macos-x86_64 | 0.9-40 | 7.00 | 59.00 | 66.00 | OK | |
r-oldrel-windows-x86_64 | 0.9-40 | 11.00 | 97.00 | 108.00 | OK |
Version: 0.9-40
Check: CRAN incoming feasibility
Result: NOTE
Maintainer: ‘Achim Zeileis <Achim.Zeileis@R-project.org>’
Package CITATION file contains call(s) to old-style personList() or
as.personList(). Please use c() on person objects instead.
Package CITATION file contains call(s) to old-style citEntry(). Please
use bibentry() instead.
Flavors: r-devel-linux-x86_64-debian-clang, r-devel-linux-x86_64-debian-gcc