Last updated on 2025-10-22 09:50:39 CEST.
Flavor | Version | Tinstall | Tcheck | Ttotal | Status | Flags |
---|---|---|---|---|---|---|
r-devel-linux-x86_64-debian-clang | 1.4.6.1 | 4.49 | 30.12 | 34.61 | OK | |
r-devel-linux-x86_64-debian-gcc | 1.4.6.1 | 3.43 | 23.72 | 27.15 | OK | |
r-devel-linux-x86_64-fedora-clang | 1.4.6.1 | 12.00 | 39.40 | 51.40 | NOTE | |
r-devel-linux-x86_64-fedora-gcc | 1.4.6.1 | 10.00 | 38.81 | 48.81 | NOTE | |
r-devel-windows-x86_64 | 1.4.6.1 | 10.00 | 78.00 | 88.00 | OK | |
r-patched-linux-x86_64 | 1.4.6.1 | 4.56 | 28.57 | 33.13 | OK | |
r-release-linux-x86_64 | 1.4.6.1 | 4.19 | 28.16 | 32.35 | OK | |
r-release-macos-arm64 | 1.4.6.1 | 4.00 | 17.00 | 21.00 | OK | |
r-release-macos-x86_64 | 1.4.6.1 | 6.00 | 30.00 | 36.00 | OK | |
r-release-windows-x86_64 | 1.4.6.1 | 11.00 | 98.00 | 109.00 | OK | |
r-oldrel-macos-arm64 | 1.4.6.1 | 3.00 | 23.00 | 26.00 | OK | |
r-oldrel-macos-x86_64 | 1.4.6.1 | 5.00 | 51.00 | 56.00 | OK | |
r-oldrel-windows-x86_64 | 1.4.6.1 | 12.00 | 55.00 | 67.00 | OK |
Version: 1.4.6.1
Check: compiled code
Result: NOTE
File ‘ltsa/libs/ltsa.so’:
Found no calls to: ‘R_registerRoutines’, ‘R_useDynamicSymbols’
It is good practice to register native routines and to disable symbol
search.
See ‘Writing portable packages’ in the ‘Writing R Extensions’ manual.
Flavors: r-devel-linux-x86_64-fedora-clang, r-devel-linux-x86_64-fedora-gcc