Last updated on 2025-10-22 09:50:39 CEST.
Flavor | Version | Tinstall | Tcheck | Ttotal | Status | Flags |
---|---|---|---|---|---|---|
r-devel-linux-x86_64-debian-clang | 1.0.4 | 39.94 | 267.11 | 307.05 | NOTE | |
r-devel-linux-x86_64-debian-gcc | 1.0.4 | 24.36 | 170.35 | 194.71 | NOTE | |
r-devel-linux-x86_64-fedora-clang | 1.0.4 | 97.00 | 399.90 | 496.90 | OK | |
r-devel-linux-x86_64-fedora-gcc | 1.0.4 | 82.00 | 383.77 | 465.77 | OK | |
r-devel-windows-x86_64 | 1.0.4 | 40.00 | 242.00 | 282.00 | OK | |
r-patched-linux-x86_64 | 1.0.4 | 37.29 | 252.40 | 289.69 | OK | |
r-release-linux-x86_64 | 1.0.4 | 38.88 | 254.77 | 293.65 | OK | |
r-release-macos-arm64 | 1.0.4 | 19.00 | 128.00 | 147.00 | OK | |
r-release-macos-x86_64 | 1.0.4 | 38.00 | 206.00 | 244.00 | OK | |
r-release-windows-x86_64 | 1.0.4 | 40.00 | 220.00 | 260.00 | OK | |
r-oldrel-macos-arm64 | 1.0.4 | 16.00 | 84.00 | 100.00 | OK | |
r-oldrel-macos-x86_64 | 1.0.4 | 25.00 | 157.00 | 182.00 | OK | |
r-oldrel-windows-x86_64 | 1.0.4 | 57.00 | 300.00 | 357.00 | OK |
Version: 1.0.4
Check: CRAN incoming feasibility
Result: NOTE
Maintainer: ‘Simon Moulds <sim.moulds@gmail.com>’
No Authors@R field in DESCRIPTION.
Please add one, modifying
Authors@R: person(given = "Simon",
family = "Moulds",
role = c("aut", "cre"),
email = "sim.moulds@gmail.com")
as necessary.
Flavors: r-devel-linux-x86_64-debian-clang, r-devel-linux-x86_64-debian-gcc
Version: 1.0.4
Check: HTML version of manual
Result: NOTE
Found the following HTML validation problems:
show-methods.html:62:1 (show-methods.Rd:26): Warning: missing </ul> before </div>
Flavors: r-devel-linux-x86_64-debian-clang, r-devel-linux-x86_64-debian-gcc