Last updated on 2025-10-22 09:50:39 CEST.
Flavor | Version | Tinstall | Tcheck | Ttotal | Status | Flags |
---|---|---|---|---|---|---|
r-devel-linux-x86_64-debian-clang | 0.2.2 | 51.12 | 64.92 | 116.04 | NOTE | |
r-devel-linux-x86_64-debian-gcc | 0.2.2 | 35.37 | 44.89 | 80.26 | NOTE | |
r-devel-linux-x86_64-fedora-clang | 0.2.2 | 129.00 | 47.93 | 176.93 | OK | |
r-devel-linux-x86_64-fedora-gcc | 0.2.2 | 97.00 | 70.74 | 167.74 | OK | |
r-devel-windows-x86_64 | 0.2.2 | 47.00 | 84.00 | 131.00 | OK | |
r-patched-linux-x86_64 | 0.2.2 | 49.63 | 59.78 | 109.41 | OK | |
r-release-linux-x86_64 | 0.2.2 | 47.95 | 59.10 | 107.05 | OK | |
r-release-macos-arm64 | 0.2.2 | 32.00 | 28.00 | 60.00 | OK | |
r-release-macos-x86_64 | 0.2.2 | 58.00 | 52.00 | 110.00 | OK | |
r-release-windows-x86_64 | 0.2.2 | 47.00 | 75.00 | 122.00 | OK | |
r-oldrel-macos-arm64 | 0.2.2 | 31.00 | 33.00 | 64.00 | OK | |
r-oldrel-macos-x86_64 | 0.2.2 | 57.00 | 81.00 | 138.00 | OK | |
r-oldrel-windows-x86_64 | 0.2.2 | 63.00 | 90.00 | 153.00 | OK |
Version: 0.2.2
Check: HTML version of manual
Result: NOTE
Found the following HTML validation problems:
drawLVplot.html:95:1 (drawLVplot.Rd:41): Warning: missing </ul> before </div>
lvtable.html:54:1 (lvtable.Rd:14): Warning: missing </ul> before </div>
Flavors: r-devel-linux-x86_64-debian-clang, r-devel-linux-x86_64-debian-gcc