Last updated on 2025-10-22 09:50:39 CEST.
Flavor | Version | Tinstall | Tcheck | Ttotal | Status | Flags |
---|---|---|---|---|---|---|
r-devel-linux-x86_64-debian-clang | 0.2-14 | 58.02 | 53.17 | 111.19 | NOTE | |
r-devel-linux-x86_64-debian-gcc | 0.2-14 | 51.72 | 41.13 | 92.85 | NOTE | |
r-devel-linux-x86_64-fedora-clang | 0.2-14 | 365.00 | -167.75 | 197.25 | NOTE | |
r-devel-linux-x86_64-fedora-gcc | 0.2-14 | 138.00 | 77.80 | 215.80 | NOTE | |
r-devel-windows-x86_64 | 0.2-14 | 108.00 | 230.00 | 338.00 | OK | |
r-patched-linux-x86_64 | 0.2-14 | 71.68 | 50.78 | 122.46 | OK | |
r-release-linux-x86_64 | 0.2-14 | 72.21 | 51.20 | 123.41 | OK | |
r-release-macos-arm64 | 0.2-14 | 35.00 | 30.00 | 65.00 | OK | |
r-release-macos-x86_64 | 0.2-14 | 30.00 | 59.00 | 89.00 | OK | |
r-release-windows-x86_64 | 0.2-14 | 114.00 | 225.00 | 339.00 | OK | |
r-oldrel-macos-arm64 | 0.2-14 | 31.00 | 28.00 | 59.00 | NOTE | |
r-oldrel-macos-x86_64 | 0.2-14 | 26.00 | 37.00 | 63.00 | NOTE | |
r-oldrel-windows-x86_64 | 0.2-14 | 118.00 | 303.00 | 421.00 | NOTE |
Version: 0.2-14
Check: HTML version of manual
Result: NOTE
Found the following HTML validation problems:
lwgeom_make_valid.html:46:1 (lwgeom_make_valid.Rd:10): Warning: missing </ul> before </div>
Flavors: r-devel-linux-x86_64-debian-clang, r-devel-linux-x86_64-debian-gcc
Version: 0.2-14
Check: tests
Result: NOTE
Running ‘azimuth.R’
Comparing ‘azimuth.Rout’ to ‘azimuth.Rout.save’ ... OK
Running ‘dist.R’ [2s/13s]
Comparing ‘dist.Rout’ to ‘dist.Rout.save’ ... OK
Running ‘geod.R’
Comparing ‘geod.Rout’ to ‘geod.Rout.save’ ... OK
Running ‘perimeter.R’
Comparing ‘perimeter.Rout’ to ‘perimeter.Rout.save’ ...9c9
< [1] 176215.7 149266.8 199587.9 375136.8 263512.7
---
> [1] 176214.9 149265.4 199586.8 375137.8 263512.6
12c12
< [1] 176215.7 149266.8 199587.9 375136.8 263512.7
---
> [1] 176214.9 149265.4 199586.8 375137.8 263512.6
Running ‘testthat.R’ [4s/16s]
Comparing ‘testthat.Rout’ to ‘testthat.Rout.save’ ... OK
Running ‘twkb.R’
Comparing ‘twkb.Rout’ to ‘twkb.Rout.save’ ... OK
Flavor: r-devel-linux-x86_64-fedora-clang
Version: 0.2-14
Check: tests
Result: NOTE
Running ‘azimuth.R’
Comparing ‘azimuth.Rout’ to ‘azimuth.Rout.save’ ... OK
Running ‘dist.R’
Comparing ‘dist.Rout’ to ‘dist.Rout.save’ ... OK
Running ‘geod.R’
Comparing ‘geod.Rout’ to ‘geod.Rout.save’ ... OK
Running ‘perimeter.R’
Comparing ‘perimeter.Rout’ to ‘perimeter.Rout.save’ ...9c9
< [1] 176215.7 149266.8 199587.9 375136.8 263512.7
---
> [1] 176214.9 149265.4 199586.8 375137.8 263512.6
12c12
< [1] 176215.7 149266.8 199587.9 375136.8 263512.7
---
> [1] 176214.9 149265.4 199586.8 375137.8 263512.6
Running ‘testthat.R’
Comparing ‘testthat.Rout’ to ‘testthat.Rout.save’ ... OK
Running ‘twkb.R’
Comparing ‘twkb.Rout’ to ‘twkb.Rout.save’ ... OK
Flavor: r-devel-linux-x86_64-fedora-gcc
Version: 0.2-14
Check: installed package size
Result: NOTE
installed size is 24.4Mb
sub-directories of 1Mb or more:
libs 24.2Mb
Flavors: r-oldrel-macos-arm64, r-oldrel-macos-x86_64, r-oldrel-windows-x86_64