Last updated on 2025-10-21 09:48:37 CEST.
Flavor | Version | Tinstall | Tcheck | Ttotal | Status | Flags |
---|---|---|---|---|---|---|
r-devel-linux-x86_64-debian-clang | 1.0.4 | 198.13 | 104.19 | 302.32 | OK | |
r-devel-linux-x86_64-debian-gcc | 1.0.4 | 136.68 | 72.29 | 208.97 | NOTE | |
r-devel-linux-x86_64-fedora-clang | 1.0.4 | 604.12 | OK | |||
r-devel-linux-x86_64-fedora-gcc | 1.0.4 | 529.43 | OK | |||
r-devel-windows-x86_64 | 1.0.4 | 238.00 | 145.00 | 383.00 | OK | |
r-patched-linux-x86_64 | 1.0.4 | 205.39 | 94.06 | 299.45 | OK | |
r-release-linux-x86_64 | 1.0.4 | 196.62 | 94.87 | 291.49 | OK | |
r-release-macos-arm64 | 1.0.4 | 221.00 | OK | |||
r-release-macos-x86_64 | 1.0.4 | 151.00 | OK | |||
r-release-windows-x86_64 | 1.0.4 | 235.00 | 139.00 | 374.00 | OK | |
r-oldrel-macos-arm64 | 1.0.4 | 119.00 | NOTE | |||
r-oldrel-macos-x86_64 | 1.0.4 | 154.00 | NOTE | |||
r-oldrel-windows-x86_64 | 1.0.4 | 278.00 | 175.00 | 453.00 | OK |
Version: 1.0.4
Check: HTML version of manual
Result: NOTE
Found the following HTML validation problems:
calc_autosomal_genotype_probs.html:50:1 (calc_autosomal_genotype_probs.Rd:12): Warning: missing </ul> before </div>
construct_M.html:54:1 (construct_M.Rd:14): Warning: missing </ul> before </div>
generate_get_founder_haplotype_db.html:46:1 (generate_get_founder_haplotype_db.Rd:10): Warning: missing </ul> before </div>
generate_get_founder_haplotype_ladder.html:50:1 (generate_get_founder_haplotype_ladder.Rd:12): Warning: missing </ul> before </div>
get_individuals.html:46:1 (get_individuals.Rd:10): Warning: missing </ul> before </div>
get_pedigree_as_graph.html:46:1 (get_pedigree_as_graph.Rd:10): Warning: missing </ul> before </div>
get_pedigrees_tidy.html:46:1 (get_pedigrees_tidy.Rd:10): Warning: missing </ul> before </div>
get_zero_haplotype_generator.html:46:1 (get_zero_haplotype_generator.Rd:10): Warning: missing </ul> before </div>
load_haplotypes.html:62:1 (load_haplotypes.Rd:18): Warning: missing </ul> before </div>
load_individuals.html:58:1 (load_individuals.Rd:16): Warning: missing </ul> before </div>
meioses_generation_distribution.html:56:1 (meioses_generation_distribution.Rd:16): Warning: missing </ul> before </div>
pedigree_size_generation.html:52:1 (pedigree_size_generation.Rd:13): Warning: missing </ul> before </div>
plot.malan_pedigree.html:89:1 (plot.malan_pedigree.Rd:36): Warning: missing </ul> before </div>
plot.malan_pedigreelist.html:52:1 (plot.malan_pedigreelist.Rd:12): Warning: missing </ul> before </div>
population_size_generation.html:52:1 (population_size_generation.Rd:13): Warning: missing </ul> before </div>
print.malan_pedigree.html:51:1 (print.malan_pedigree.Rd:12): Warning: missing </ul> before </div>
print.malan_pedigreelist.html:52:1 (print.malan_pedigreelist.Rd:12): Warning: missing </ul> before </div>
print.malan_population.html:52:1 (print.malan_population.Rd:12): Warning: missing </ul> before </div>
print.malan_population_abort.html:51:1 (print.malan_population_abort.Rd:12): Warning: missing </ul> before </div>
sample_autosomal_genotype.html:50:1 (sample_autosomal_genotype.Rd:12): Warning: missing </ul> before </div>
Flavor: r-devel-linux-x86_64-debian-gcc
Version: 1.0.4
Check: installed package size
Result: NOTE
installed size is 11.3Mb
sub-directories of 1Mb or more:
libs 10.0Mb
Flavors: r-oldrel-macos-arm64, r-oldrel-macos-x86_64