Last updated on 2025-10-22 09:50:39 CEST.
| Flavor | Version | Tinstall | Tcheck | Ttotal | Status | Flags |
|---|---|---|---|---|---|---|
| r-devel-linux-x86_64-debian-clang | 1.3.0 | 3.79 | 63.27 | 67.06 | NOTE | |
| r-devel-linux-x86_64-debian-gcc | 1.3.0 | 2.84 | 47.43 | 50.27 | NOTE | |
| r-devel-linux-x86_64-fedora-clang | 1.3.0 | 10.00 | 97.25 | 107.25 | OK | |
| r-devel-linux-x86_64-fedora-gcc | 1.3.0 | 114.73 | OK | |||
| r-devel-windows-x86_64 | 1.3.0 | 5.00 | 74.00 | 79.00 | OK | |
| r-patched-linux-x86_64 | 1.3.0 | 3.90 | 60.99 | 64.89 | OK | |
| r-release-linux-x86_64 | 1.3.0 | 3.54 | 60.65 | 64.19 | OK | |
| r-release-macos-arm64 | 1.3.0 | 3.00 | 85.00 | 88.00 | OK | |
| r-release-macos-x86_64 | 1.3.0 | 3.00 | 79.00 | 82.00 | OK | |
| r-release-windows-x86_64 | 1.3.0 | 6.00 | 74.00 | 80.00 | OK | |
| r-oldrel-macos-arm64 | 1.3.0 | 2.00 | 38.00 | 40.00 | OK | |
| r-oldrel-macos-x86_64 | 1.3.0 | 4.00 | 56.00 | 60.00 | OK | |
| r-oldrel-windows-x86_64 | 1.3.0 | 7.00 | 90.00 | 97.00 | OK |
Version: 1.3.0
Check: HTML version of manual
Result: NOTE
Found the following HTML validation problems:
mallet.topic.model.read.html:56:1 (mallet.topic.model.read.Rd:21): Warning: missing </ul> before </div>
save.mallet.instances.html:52:1 (save.mallet.instances.Rd:15): Warning: missing </ul> before </div>
save.mallet.state.html:53:1 (save.mallet.state.Rd:12): Warning: missing </ul> before </div>
Flavors: r-devel-linux-x86_64-debian-clang, r-devel-linux-x86_64-debian-gcc