Last updated on 2025-10-22 09:50:39 CEST.
Flavor | Version | Tinstall | Tcheck | Ttotal | Status | Flags |
---|---|---|---|---|---|---|
r-devel-linux-x86_64-debian-clang | 0.4.3 | 6.05 | 88.72 | 94.77 | NOTE | |
r-devel-linux-x86_64-debian-gcc | 0.4.3 | 3.72 | 63.71 | 67.43 | NOTE | |
r-devel-linux-x86_64-fedora-clang | 0.4.3 | 16.00 | 128.34 | 144.34 | OK | |
r-devel-linux-x86_64-fedora-gcc | 0.4.3 | 10.00 | 140.39 | 150.39 | OK | |
r-devel-windows-x86_64 | 0.4.3 | 7.00 | 126.00 | 133.00 | OK | |
r-patched-linux-x86_64 | 0.4.3 | 6.13 | 82.04 | 88.17 | OK | |
r-release-linux-x86_64 | 0.4.3 | 5.41 | 81.86 | 87.27 | OK | |
r-release-macos-arm64 | 0.4.3 | 2.00 | 47.00 | 49.00 | OK | |
r-release-macos-x86_64 | 0.4.3 | 4.00 | 91.00 | 95.00 | OK | |
r-release-windows-x86_64 | 0.4.3 | 8.00 | 123.00 | 131.00 | OK | |
r-oldrel-macos-arm64 | 0.4.3 | 2.00 | 52.00 | 54.00 | OK | |
r-oldrel-macos-x86_64 | 0.4.3 | 5.00 | 104.00 | 109.00 | OK | |
r-oldrel-windows-x86_64 | 0.4.3 | 10.00 | 143.00 | 153.00 | OK |
Version: 0.4.3
Check: HTML version of manual
Result: NOTE
Found the following HTML validation problems:
example_data.html:62:1 (example_data.Rd:17): Warning: missing </ul> before </div>
example_prescription_numbers.html:68:1 (example_prescription_numbers.Rd:21): Warning: missing </ul> before </div>
Flavors: r-devel-linux-x86_64-debian-clang, r-devel-linux-x86_64-debian-gcc