Last updated on 2025-10-22 09:50:39 CEST.
Flavor | Version | Tinstall | Tcheck | Ttotal | Status | Flags |
---|---|---|---|---|---|---|
r-devel-linux-x86_64-debian-clang | 1.8 | 19.33 | 105.27 | 124.60 | NOTE | |
r-devel-linux-x86_64-debian-gcc | 1.8 | 14.09 | 73.41 | 87.50 | NOTE | |
r-devel-linux-x86_64-fedora-clang | 1.8 | 58.00 | 146.41 | 204.41 | OK | |
r-devel-linux-x86_64-fedora-gcc | 1.8 | 42.00 | 142.37 | 184.37 | OK | |
r-devel-windows-x86_64 | 1.8 | 19.00 | 106.00 | 125.00 | OK | |
r-patched-linux-x86_64 | 1.8 | 20.88 | 101.36 | 122.24 | OK | |
r-release-linux-x86_64 | 1.8 | 19.77 | 98.74 | 118.51 | OK | |
r-release-macos-arm64 | 1.8 | 9.00 | 48.00 | 57.00 | OK | |
r-release-macos-x86_64 | 1.8 | 21.00 | 96.00 | 117.00 | OK | |
r-release-windows-x86_64 | 1.8 | 20.00 | 108.00 | 128.00 | OK | |
r-oldrel-macos-arm64 | 1.8 | 9.00 | 42.00 | 51.00 | OK | |
r-oldrel-macos-x86_64 | 1.8 | 18.00 | 64.00 | 82.00 | OK | |
r-oldrel-windows-x86_64 | 1.8 | 28.00 | 132.00 | 160.00 | OK |
Version: 1.8
Check: CRAN incoming feasibility
Result: NOTE
Maintainer: ‘Maengseok Noh <msnoh@pknu.ac.kr>’
No Authors@R field in DESCRIPTION.
Please add one, modifying
Authors@R: c(person(given = "Youngjo",
family = "Lee",
role = "aut"),
person(given = "Marek",
family = "Molas",
role = "aut"),
person(given = "Maengseok",
family = "Noh",
role = c("aut", "cre"),
email = "msnoh@pknu.ac.kr"))
as necessary.
Flavors: r-devel-linux-x86_64-debian-clang, r-devel-linux-x86_64-debian-gcc
Version: 1.8
Check: HTML version of manual
Result: NOTE
Found the following HTML validation problems:
DHGLMMODELING.html:143:1 (DHGLMMODELING.Rd:93): Warning: missing </ul> before </div>
Flavors: r-devel-linux-x86_64-debian-clang, r-devel-linux-x86_64-debian-gcc