CRAN Package Check Results for Package measurements

Last updated on 2025-10-22 09:50:40 CEST.

Flavor Version Tinstall Tcheck Ttotal Status Flags
r-devel-linux-x86_64-debian-clang 1.5.1 1.92 18.89 20.81 NOTE
r-devel-linux-x86_64-debian-gcc 1.5.1 1.42 15.49 16.91 NOTE
r-devel-linux-x86_64-fedora-clang 1.5.1 31.97 OK
r-devel-linux-x86_64-fedora-gcc 1.5.1 28.70 OK
r-devel-windows-x86_64 1.5.1 4.00 34.00 38.00 OK
r-patched-linux-x86_64 1.5.1 1.73 17.81 19.54 OK
r-release-linux-x86_64 1.5.1 1.68 18.02 19.70 OK
r-release-macos-arm64 1.5.1 1.00 14.00 15.00 OK
r-release-macos-x86_64 1.5.1 2.00 21.00 23.00 OK
r-release-windows-x86_64 1.5.1 3.00 37.00 40.00 OK
r-oldrel-macos-arm64 1.5.1 1.00 16.00 17.00 OK
r-oldrel-macos-x86_64 1.5.1 2.00 18.00 20.00 OK
r-oldrel-windows-x86_64 1.5.1 3.00 36.00 39.00 OK

Check Details

Version: 1.5.1
Check: CRAN incoming feasibility
Result: NOTE Maintainer: ‘Matthew A. Birk <matthewabirk@gmail.com>’ No Authors@R field in DESCRIPTION. Please add one, modifying Authors@R: person(given = c("Matthew", "A."), family = "Birk", role = c("aut", "cre"), email = "matthewabirk@gmail.com") as necessary. Flavors: r-devel-linux-x86_64-debian-clang, r-devel-linux-x86_64-debian-gcc