CRAN Package Check Results for Package measures

Last updated on 2025-10-21 09:48:37 CEST.

Flavor Version Tinstall Tcheck Ttotal Status Flags
r-devel-linux-x86_64-debian-clang 0.3 2.25 26.77 29.02 OK
r-devel-linux-x86_64-debian-gcc 0.3 1.67 21.71 23.38 NOTE
r-devel-linux-x86_64-fedora-clang 0.3 45.10 OK
r-devel-linux-x86_64-fedora-gcc 0.3 40.10 OK
r-devel-windows-x86_64 0.3 4.00 53.00 57.00 OK
r-patched-linux-x86_64 0.3 3.28 25.25 28.53 OK
r-release-linux-x86_64 0.3 1.96 25.27 27.23 OK
r-release-macos-arm64 0.3 34.00 OK
r-release-macos-x86_64 0.3 31.00 OK
r-release-windows-x86_64 0.3 3.00 55.00 58.00 OK
r-oldrel-macos-arm64 0.3 16.00 NOTE
r-oldrel-macos-x86_64 0.3 24.00 NOTE
r-oldrel-windows-x86_64 0.3 4.00 59.00 63.00 NOTE

Check Details

Version: 0.3
Check: HTML version of manual
Result: NOTE Found the following HTML validation problems: KAPPA.html:56:1 (KAPPA.Rd:17): Warning: missing </ul> before </div> LSR.html:59:1 (LSR.Rd:19): Warning: missing </ul> before </div> MultilabelACC.html:57:1 (MultilabelACC.Rd:17): Warning: missing </ul> before </div> MultilabelF1.html:57:1 (MultilabelF1.Rd:17): Warning: missing </ul> before </div> MultilabelPPV.html:57:1 (MultilabelPPV.Rd:17): Warning: missing </ul> before </div> MultilabelTPR.html:57:1 (MultilabelTPR.Rd:17): Warning: missing </ul> before </div> QSR.html:60:1 (QSR.Rd:19): Warning: missing </ul> before </div> WKAPPA.html:56:1 (WKAPPA.Rd:17): Warning: missing </ul> before </div> Flavor: r-devel-linux-x86_64-debian-gcc

Version: 0.3
Check: LazyData
Result: NOTE 'LazyData' is specified without a 'data' directory Flavors: r-oldrel-macos-arm64, r-oldrel-macos-x86_64, r-oldrel-windows-x86_64