Last updated on 2025-10-21 09:48:37 CEST.
Flavor | Version | Tinstall | Tcheck | Ttotal | Status | Flags |
---|---|---|---|---|---|---|
r-devel-linux-x86_64-debian-clang | 0.6.9 | 836.28 | 274.22 | 1110.50 | OK | |
r-devel-linux-x86_64-debian-gcc | 0.6.9 | 742.38 | 253.58 | 995.96 | NOTE | |
r-devel-linux-x86_64-fedora-clang | 0.6.9 | 1792.00 | OK | |||
r-devel-linux-x86_64-fedora-gcc | 0.6.9 | 2345.64 | OK | |||
r-devel-windows-x86_64 | 0.6.9 | 942.00 | 337.00 | 1279.00 | OK | |
r-patched-linux-x86_64 | 0.6.9 | 995.72 | 348.01 | 1343.73 | OK | |
r-release-linux-x86_64 | 0.6.9 | 993.86 | 347.99 | 1341.85 | OK | |
r-release-macos-arm64 | 0.6.9 | 427.00 | OK | |||
r-release-macos-x86_64 | 0.6.9 | 688.00 | OK | |||
r-release-windows-x86_64 | 0.6.9 | 929.00 | 347.00 | 1276.00 | OK | |
r-oldrel-macos-arm64 | 0.6.9 | 243.00 | NOTE | |||
r-oldrel-macos-x86_64 | 0.6.9 | 241.00 | NOTE | |||
r-oldrel-windows-x86_64 | 0.6.9 | 1055.00 | 431.00 | 1486.00 | NOTE |
Version: 0.6.9
Check: HTML version of manual
Result: NOTE
Found the following HTML validation problems:
plot.meta_pred.html:75:1 (plot.meta_pred.Rd:25): Warning: missing </ul> before </div>
predicted_bf.html:61:1 (predicted_bf.Rd:17): Warning: missing </ul> before </div>
Flavor: r-devel-linux-x86_64-debian-gcc
Version: 0.6.9
Check: installed package size
Result: NOTE
installed size is 129.7Mb
sub-directories of 1Mb or more:
libs 129.0Mb
Flavors: r-oldrel-macos-arm64, r-oldrel-macos-x86_64, r-oldrel-windows-x86_64
Version: 0.6.9
Check: for GNU extensions in Makefiles
Result: NOTE
GNU make is a SystemRequirements.
Flavors: r-oldrel-macos-arm64, r-oldrel-macos-x86_64